{"id":947,"date":"2022-01-26T20:08:21","date_gmt":"2022-01-26T20:08:21","guid":{"rendered":"https:\/\/transparencia.cabocorrientes.gob.mx\/?page_id=947"},"modified":"2025-05-15T19:00:50","modified_gmt":"2025-05-15T19:00:50","slug":"los-decretos-acuerdos-y-demas-normas-juridicas-generales","status":"publish","type":"page","link":"https:\/\/transparencia.cabocorrientes.gob.mx\/?page_id=947","title":{"rendered":"Los Decretos, Acuerdos y dem\u00e1s Normas Jur\u00eddicas Generales"},"content":{"rendered":"\n<div class=\"wp-block-columns is-layout-flex wp-container-core-columns-is-layout-9d6595d7 wp-block-columns-is-layout-flex\">\n<div class=\"wp-block-column is-layout-flow wp-block-column-is-layout-flow\"><\/div>\n<\/div>\n\n\n\n<h6 class=\"wp-block-heading\"><strong>Decreto<\/strong><\/h6>\n\n\n\n<p>Decreto 4955 de Cabo Corrientes <strong><a href=\"https:\/\/transparencia.cabocorrientes.gob.mx\/Archivos\/articulo8\/Decreto_4955_Cabo_Corrientes_Jalisco.pdf\" data-type=\"URL\" data-id=\"https:\/\/transparencia.cabocorrientes.gob.mx\/Archivos\/articulo8\/Decreto_4955_Cabo_Corrientes_Jalisco.pdf\" target=\"_blank\" rel=\"noreferrer noopener\">PDF<\/a><\/strong><\/p>\n\n\n<p>Certificaci\u00f3n Creaci\u00f3n Instituto de la Mujer Municipal\u00a0 <strong><a href=\"https:\/\/transparencia.cabocorrientes.gob.mx\/Archivos\/articulo8\/Certificaci\u00f3n_Creaci\u00f3n_Instituto_de_la_Mujer_Municipal.pdf\" target=\"_blank\" rel=\"noreferrer noopener\" data-type=\"URL\" data-id=\"https:\/\/transparencia.cabocorrientes.gob.mx\/Archivos\/articulo8\/Certificaci\u00f3n_Creaci\u00f3n_Instituto_de_la_Mujer_Municipal.pdf\">PDF<\/a><\/strong><\/p>\n<p><!-- \/wp:post-content --><\/p>\n<p><!-- wp:heading {\"level\":6} --><\/p>\n<h6><strong>Marco jur\u00eddico por dependencias<\/strong><\/h6>\n<p><!-- \/wp:heading --><\/p>\n<p><!-- wp:paragraph --><\/p>\n<p>Marco jur\u00eddico del gobierno Municipal de Cabo Corrientes <strong><a href=\"https:\/\/transparencia.cabocorrientes.gob.mx\/Archivos\/articulo8\/MARCO_JURIDICO_DEL_GOBIERNO_MUNICIPAL_DE_CABO_CORRIENTES.docx\" target=\"_blank\" rel=\"noreferrer noopener\" data-type=\"URL\" data-id=\"https:\/\/transparencia.cabocorrientes.gob.mx\/Archivos\/articulo8\/MARCO_JURIDICO_DEL_GOBIERNO_MUNICIPAL_DE_CABO_CORRIENTES.docx\">WORD<\/a><\/strong><\/p>\n<p><!-- \/wp:paragraph --><\/p>\n<p><!-- wp:heading {\"level\":6} --><\/p>\n<h6><strong>Marco normativo municipal<\/strong><\/h6>\n<p><!-- \/wp:heading --><\/p>\n<p><!-- wp:paragraph --><\/p>\n<p>Reglamento interno del Ayuntamiento <strong><a href=\"https:\/\/transparencia.cabocorrientes.gob.mx\/Archivos\/articulo8\/REG._INTERNO_DEL_AYUNTAMIENTO.pdf\" target=\"_blank\" rel=\"noreferrer noopener\" data-type=\"URL\" data-id=\"https:\/\/transparencia.cabocorrientes.gob.mx\/Archivos\/articulo8\/REG._INTERNO_DEL_AYUNTAMIENTO.pdf\">PDF<\/a><\/strong><br \/>Reglamento de centro hist\u00f3rico <strong><a href=\"https:\/\/transparencia.cabocorrientes.gob.mx\/Archivos\/articulo8\/REGLAMENTO_CENTRO_HISTORICO_FINAL.pdf\" target=\"_blank\" rel=\"noreferrer noopener\" data-type=\"URL\" data-id=\"https:\/\/transparencia.cabocorrientes.gob.mx\/Archivos\/articulo8\/REGLAMENTO_CENTRO_HISTORICO_FINAL.pdf\">PDF<\/a><\/strong><br \/>Reglamento de patrimonio municipal <strong><a href=\"https:\/\/transparencia.cabocorrientes.gob.mx\/Archivos\/articulo8\/REGLAMENTO_DE__PATRIMONIO_MUNICIPAL.pdf\" target=\"_blank\" rel=\"noreferrer noopener\" data-type=\"URL\" data-id=\"https:\/\/transparencia.cabocorrientes.gob.mx\/Archivos\/articulo8\/REGLAMENTO_DE__PATRIMONIO_MUNICIPAL.pdf\">PDF<\/a><\/strong><br \/>Reglamento de consejo de cultura <strong><a href=\"https:\/\/transparencia.cabocorrientes.gob.mx\/Archivos\/articulo8\/REGLAMENTO_DE_CONSEJO_CULTURA.pdf\" target=\"_blank\" rel=\"noreferrer noopener\" data-type=\"URL\" data-id=\"https:\/\/transparencia.cabocorrientes.gob.mx\/Archivos\/articulo8\/REGLAMENTO_DE_CONSEJO_CULTURA.pdf\">PDF<\/a><\/strong><br \/>Reglamento de informaci\u00f3n p\u00fablica <strong><a href=\"https:\/\/transparencia.cabocorrientes.gob.mx\/Archivos\/articulo8\/REGLAMENTO_DE_INFORMACION_PUBLICA.pdf\" target=\"_blank\" rel=\"noreferrer noopener\" data-type=\"URL\" data-id=\"https:\/\/transparencia.cabocorrientes.gob.mx\/Archivos\/articulo8\/REGLAMENTO_DE_INFORMACION_PUBLICA.pdf\">PDF<\/a><\/strong><br \/>Reglamento de la COMUR <strong><a href=\"https:\/\/transparencia.cabocorrientes.gob.mx\/Archivos\/articulo8\/REGLAMENTO_DE_LA_COMUR.pdf\" target=\"_blank\" rel=\"noreferrer noopener\" data-type=\"URL\" data-id=\"https:\/\/transparencia.cabocorrientes.gob.mx\/Archivos\/articulo8\/REGLAMENTO_DE_LA_COMUR.pdf\">PDF<\/a><\/strong> \/ <strong><a href=\"https:\/\/transparencia.cabocorrientes.gob.mx\/Archivos\/articulo8\/REGLAMENTO_DE_LA_COMUR.docx\" target=\"_blank\" rel=\"noreferrer noopener\" data-type=\"URL\" data-id=\"https:\/\/transparencia.cabocorrientes.gob.mx\/Archivos\/articulo8\/REGLAMENTO_DE_LA_COMUR.docx\">WORD<\/a><\/strong> <br \/>Reglamento de mujeres a vida libre de violencia <strong><a href=\"https:\/\/transparencia.cabocorrientes.gob.mx\/Archivos\/articulo8\/REGLAMENTO_DE_MUJERES_A_VIDA_LIBRE_DE_VIOLENCIA.pdf\" target=\"_blank\" rel=\"noreferrer noopener\" data-type=\"URL\" data-id=\"https:\/\/transparencia.cabocorrientes.gob.mx\/Archivos\/articulo8\/REGLAMENTO_DE_MUJERES_A_VIDA_LIBRE_DE_VIOLENCIA.pdf\">PDF<\/a><\/strong> <br \/>Reglamento de protecci\u00f3n civil <strong><a href=\"https:\/\/transparencia.cabocorrientes.gob.mx\/Archivos\/articulo8\/REGLAMENTO_DE_PROTECCI\u00d3N_CIVIL.pdf\" target=\"_blank\" rel=\"noreferrer noopener\" data-type=\"URL\" data-id=\"https:\/\/transparencia.cabocorrientes.gob.mx\/Archivos\/articulo8\/REGLAMENTO_DE_PROTECCI\u00d3N_CIVIL.pdf\">PDF<\/a><\/strong> <br \/>Reglamento de sesiones de cabildo <strong><a href=\"https:\/\/transparencia.cabocorrientes.gob.mx\/Archivos\/articulo8\/REGLAMENTO_DE_SESIONES_DE_CABILDO.pdf\" target=\"_blank\" rel=\"noreferrer noopener\" data-type=\"URL\" data-id=\"https:\/\/transparencia.cabocorrientes.gob.mx\/Archivos\/articulo8\/REGLAMENTO_DE_SESIONES_DE_CABILDO.pdf\">PDF<\/a><\/strong> <br \/>Reglamento de turismo <strong><a href=\"https:\/\/transparencia.cabocorrientes.gob.mx\/Archivos\/articulo8\/REGLAMENTO_DE_TURISMO.pdf\" target=\"_blank\" rel=\"noreferrer noopener\" data-type=\"URL\" data-id=\"https:\/\/transparencia.cabocorrientes.gob.mx\/Archivos\/articulo8\/REGLAMENTO_DE_TURISMO.pdf\">PDF<\/a><\/strong> <br \/>Reglamento interno de la unidad de transparencia <strong><a href=\"https:\/\/transparencia.cabocorrientes.gob.mx\/Archivos\/articulo8\/REGLAMENTO_INTERNO_DE_LA_UNIDAD_DE_TRANSPARENCIA.pdf\" target=\"_blank\" rel=\"noreferrer noopener\" data-type=\"URL\" data-id=\"https:\/\/transparencia.cabocorrientes.gob.mx\/Archivos\/articulo8\/REGLAMENTO_INTERNO_DE_LA_UNIDAD_DE_TRANSPARENCIA.pdf\">PDF<\/a><\/strong> \/ <strong><a href=\"https:\/\/transparencia.cabocorrientes.gob.mx\/Archivos\/articulo8\/REGLAMENTO_INTERNO_DE_LA_UNIDAD_DE_TRANSPARENCIA.docx\" target=\"_blank\" rel=\"noreferrer noopener\" data-type=\"URL\" data-id=\"https:\/\/transparencia.cabocorrientes.gob.mx\/Archivos\/articulo8\/REGLAMENTO_INTERNO_DE_LA_UNIDAD_DE_TRANSPARENCIA.docx\">WORD<\/a><\/strong><br \/>Reglamento interno del consejo municipal de desarrollo urbano <strong><a href=\"https:\/\/transparencia.cabocorrientes.gob.mx\/Archivos\/articulo8\/REGLAMENTO_INTERNO_DEL_CONSEJO_MUNICIPAL_DE_DESARROLLO_URBANO.pdf\" target=\"_blank\" rel=\"noreferrer noopener\" data-type=\"URL\" data-id=\"https:\/\/transparencia.cabocorrientes.gob.mx\/Archivos\/articulo8\/REGLAMENTO_INTERNO_DEL_CONSEJO_MUNICIPAL_DE_DESARROLLO_URBANO.pdf\">PDF<\/a><\/strong> \/ <strong><a href=\"https:\/\/transparencia.cabocorrientes.gob.mx\/Archivos\/articulo8\/REGLAMENTO_INTERNO_DEL_CONSEJO_MUNICIPAL_DE_DESARROLLO.doc\" target=\"_blank\" rel=\"noreferrer noopener\" data-type=\"URL\" data-id=\"https:\/\/transparencia.cabocorrientes.gob.mx\/Archivos\/articulo8\/REGLAMENTO_INTERNO_DEL_CONSEJO_MUNICIPAL_DE_DESARROLLO.doc\">WORD<\/a><\/strong> <br \/>Reglamento org\u00e1nico del gobierno de Cabo Corrientes, Jalisco <strong><a href=\"https:\/\/transparencia.cabocorrientes.gob.mx\/Archivos\/articulo8\/Reglamento_Organico_del_Gobierno_de_Cabo_Ctes_Jal.doc\" target=\"_blank\" rel=\"noreferrer noopener\" data-type=\"URL\" data-id=\"https:\/\/transparencia.cabocorrientes.gob.mx\/Archivos\/articulo8\/Reglamento_Organico_del_Gobierno_de_Cabo_Ctes_Jal.doc\">WORD<\/a><\/strong><br \/>Reglamento para delegaciones <strong><a href=\"https:\/\/transparencia.cabocorrientes.gob.mx\/Archivos\/articulo8\/REGLAMENTO_PARA_DELEGACIONES.pdf\" target=\"_blank\" rel=\"noreferrer noopener\" data-type=\"URL\" data-id=\"https:\/\/transparencia.cabocorrientes.gob.mx\/Archivos\/articulo8\/REGLAMENTO_PARA_DELEGACIONES.pdf\">PDF<\/a><\/strong><br \/>Reglamento para uso de c\u00f3mputo <strong><a href=\"https:\/\/transparencia.cabocorrientes.gob.mx\/Archivos\/articulo8\/REGLAMENTO_PARA_USO_DE_C\u00d3MPUTO.pdf\" target=\"_blank\" rel=\"noreferrer noopener\" data-type=\"URL\" data-id=\"https:\/\/transparencia.cabocorrientes.gob.mx\/Archivos\/articulo8\/REGLAMENTO_PARA_USO_DE_C\u00d3MPUTO.pdf\">PDF<\/a><\/strong> <br \/>Reglamento de seguridad p\u00fablica <strong><a href=\"https:\/\/transparencia.cabocorrientes.gob.mx\/Archivos\/articulo8\/Reglamento_Seguridad_P\u00fablica.pdf\" target=\"_blank\" rel=\"noreferrer noopener\" data-type=\"URL\" data-id=\"https:\/\/transparencia.cabocorrientes.gob.mx\/Archivos\/articulo8\/Reglamento_Seguridad_P\u00fablica.pdf\">PDF<\/a><\/strong> <br \/>Reglamento de venta y consumo de bebidas alcoh\u00f3licas <strong><a href=\"https:\/\/transparencia.cabocorrientes.gob.mx\/Archivos\/articulo8\/REGLAMENTO_VENTA_Y_CONSUMO_DE_BEBIDAS_ALCOHOLICAS.pdf\" target=\"_blank\" rel=\"noreferrer noopener\" data-type=\"URL\" data-id=\"https:\/\/transparencia.cabocorrientes.gob.mx\/Archivos\/articulo8\/REGLAMENTO_VENTA_Y_CONSUMO_DE_BEBIDAS_ALCOHOLICAS.pdf\">PDF<\/a><\/strong><\/p>\n<p><!-- \/wp:paragraph --><\/p>\n<p><!-- wp:heading {\"level\":6} --><\/p>\n<h6><strong>Reglamento general de Cabo Corrientes<\/strong><\/h6>\n<p><!-- \/wp:heading --><\/p>\n<p><!-- wp:paragraph --><\/p>\n<p>Reglamento org\u00e1nico del Gobierno de Cabo Corrientes <strong><a href=\"https:\/\/transparencia.cabocorrientes.gob.mx\/Archivos\/articulo8\/Reglamento_Organico_del_Gobierno_de_Cabo_Ctes_Jal.doc\" target=\"_blank\" rel=\"noreferrer noopener\" data-type=\"URL\" data-id=\"https:\/\/transparencia.cabocorrientes.gob.mx\/Archivos\/articulo8\/Reglamento_Organico_del_Gobierno_de_Cabo_Ctes_Jal.doc\">WORD<\/a><\/strong><\/p>\n<p><!-- \/wp:paragraph --><\/p>\n<p><!-- wp:buttons {\"layout\":{\"type\":\"flex\",\"justifyContent\":\"center\",\"orientation\":\"horizontal\"}} --><\/p>\n<div class=\"wp-block-buttons\"><!-- wp:button --><br \/><input type=\"button\" value=\"Volver\" \/><br \/><!-- \/wp:button --><\/div>\n<p><!-- \/wp:buttons --><\/p>\n<p><!-- wp:paragraph --><\/p>\n<p><!-- \/wp:paragraph --><\/p>","protected":false},"excerpt":{"rendered":"<p>Decreto Decreto 4955 de Cabo Corrientes PDF Certificaci\u00f3n Creaci\u00f3n Instituto de la Mujer Municipal\u00a0 PDF Marco jur\u00eddico por dependencias Marco jur\u00eddico del gobierno Municipal de Cabo Corrientes WORD Marco normativo municipal Reglamento interno del Ayuntamiento PDFReglamento de centro hist\u00f3rico PDFReglamento de patrimonio municipal PDFReglamento de consejo de cultura PDFReglamento de informaci\u00f3n p\u00fablica PDFReglamento de la &hellip; <\/p>\n<p class=\"link-more\"><a href=\"https:\/\/transparencia.cabocorrientes.gob.mx\/?page_id=947\" class=\"more-link\">Continue reading<span class=\"screen-reader-text\"> \u00abLos Decretos, Acuerdos y dem\u00e1s Normas Jur\u00eddicas Generales\u00bb<\/span><\/a><\/p>\n","protected":false},"author":1,"featured_media":0,"parent":0,"menu_order":0,"comment_status":"closed","ping_status":"closed","template":"","meta":{"_coblocks_attr":"","_coblocks_dimensions":"","_coblocks_responsive_height":"","_coblocks_accordion_ie_support":"","_regular_price":[],"currency_symbol":[],"footnotes":""},"class_list":["post-947","page","type-page","status-publish","hentry"],"post_slider_layout_featured_media_urls":{"thumbnail":"","post_slider_layout_landscape_large":"","post_slider_layout_portrait_large":"","post_slider_layout_square_large":"","post_slider_layout_landscape":"","post_slider_layout_portrait":"","post_slider_layout_square":"","full":""},"_links":{"self":[{"href":"https:\/\/transparencia.cabocorrientes.gob.mx\/index.php?rest_route=\/wp\/v2\/pages\/947","targetHints":{"allow":["GET"]}}],"collection":[{"href":"https:\/\/transparencia.cabocorrientes.gob.mx\/index.php?rest_route=\/wp\/v2\/pages"}],"about":[{"href":"https:\/\/transparencia.cabocorrientes.gob.mx\/index.php?rest_route=\/wp\/v2\/types\/page"}],"author":[{"embeddable":true,"href":"https:\/\/transparencia.cabocorrientes.gob.mx\/index.php?rest_route=\/wp\/v2\/users\/1"}],"replies":[{"embeddable":true,"href":"https:\/\/transparencia.cabocorrientes.gob.mx\/index.php?rest_route=%2Fwp%2Fv2%2Fcomments&post=947"}],"version-history":[{"count":28,"href":"https:\/\/transparencia.cabocorrientes.gob.mx\/index.php?rest_route=\/wp\/v2\/pages\/947\/revisions"}],"predecessor-version":[{"id":13903,"href":"https:\/\/transparencia.cabocorrientes.gob.mx\/index.php?rest_route=\/wp\/v2\/pages\/947\/revisions\/13903"}],"wp:attachment":[{"href":"https:\/\/transparencia.cabocorrientes.gob.mx\/index.php?rest_route=%2Fwp%2Fv2%2Fmedia&parent=947"}],"curies":[{"name":"wp","href":"https:\/\/api.w.org\/{rel}","templated":true}]}}