{"id":816,"date":"2022-01-20T19:02:17","date_gmt":"2022-01-20T19:02:17","guid":{"rendered":"https:\/\/transparencia.cabocorrientes.gob.mx\/?page_id=816"},"modified":"2025-05-15T18:09:23","modified_gmt":"2025-05-15T18:09:23","slug":"los-tratados-y-convenciones-internacionales-suscritas-por-mexico","status":"publish","type":"page","link":"https:\/\/transparencia.cabocorrientes.gob.mx\/?page_id=816","title":{"rendered":"Los Tratados y convenciones internacionales suscritas por M\u00e9xico."},"content":{"rendered":"\n<div class=\"wp-block-columns is-layout-flex wp-container-core-columns-is-layout-9d6595d7 wp-block-columns-is-layout-flex\">\n<div class=\"wp-block-column is-layout-flow wp-block-column-is-layout-flow\"><\/div>\n<\/div>\n\n\n\n<h6 class=\"wp-block-heading\"><strong>Declaraci\u00f3n Nairobi 10\/05\/1982<\/strong><\/h6>\n\n\n\n<p><strong><a href=\"https:\/\/transparencia.cabocorrientes.gob.mx\/Archivos\/articulo8\/Declaracion_Nairobi_10_MAYO_1982.pdf\" data-type=\"URL\" data-id=\"https:\/\/transparencia.cabocorrientes.gob.mx\/Archivos\/articulo8\/Declaracion_Nairobi 10 MAYO 1982.pdf\" target=\"_blank\" rel=\"noreferrer noopener\">PDF<\/a><\/strong><\/p>\n\n\n\n<h6 class=\"wp-block-heading\"><strong>Derecho humanos<\/strong><\/h6>\n\n\n\n<p>Convenci\u00f3n sobre los derechos del ni\u00f1o <strong><a href=\"https:\/\/transparencia.cabocorrientes.gob.mx\/Archivos\/articulo8\/convencion_sobre_los_derechos_del_nino.pdf\" data-type=\"URL\" data-id=\"https:\/\/transparencia.cabocorrientes.gob.mx\/Archivos\/articulo8\/convencion_sobre_los_derechos_del_nino.pdf\" target=\"_blank\" rel=\"noreferrer noopener\">PDF<\/a><\/strong><br>Declaraci\u00f3n universal de los derechos humanos <strong><a rel=\"noreferrer noopener\" href=\"https:\/\/transparencia.cabocorrientes.gob.mx\/Archivos\/articulo8\/declaracion_universal_de_los_derechos_humanos.pdf\" target=\"_blank\">PDF<\/a><\/strong><br>Derechos humanos <strong><a rel=\"noreferrer noopener\" href=\"https:\/\/www.un.org\/es\/about-us\/universal-declaration-of-human-rights\" target=\"_blank\">VER<\/a><\/strong><\/p>\n\n\n\n<h6 class=\"wp-block-heading\"><strong>Derecho civiles y pol\u00edticos<\/strong><\/h6>\n\n\n\n<p>Pacto internacional de derechos civiles y pol\u00edticos <strong><a rel=\"noreferrer noopener\" href=\"https:\/\/transparencia.cabocorrientes.gob.mx\/Archivos\/articulo8\/pacto_internacional_de_derechos_civiles_y_politicos.pdf\" target=\"_blank\">PDF<\/a><\/strong><br>Derechos civiles y pol\u00edticos <strong><a rel=\"noreferrer noopener\" href=\"https:\/\/www.ohchr.org\/SP\/ProfessionalInterest\/Pages\/CCPR.aspx\" target=\"_blank\">VER<\/a><\/strong><\/p>\n\n\n\n<h6 class=\"wp-block-heading\"><strong>Declaraci\u00f3n sobre gobierno abierto<\/strong><\/h6>\n\n\n\n<p>Declaraci\u00f3n sobre gobierno abierto 01\/07\/2011 <strong><a rel=\"noreferrer noopener\" href=\"https:\/\/transparencia.cabocorrientes.gob.mx\/Archivos\/articulo8\/DECLARACION_SOBRE_GOBIERNO_ABIERTO_01_SEP_2011.pdf\" target=\"_blank\">PDF<\/a><\/strong><br>Gobierno abierto <strong><a rel=\"noreferrer noopener\" href=\"https:\/\/www.opengovpartnership.org\/es\/process\/joining-ogp\/open-government-declaration\/#:~:text=Al%20respaldar%20esta%20Declaraci%C3%B3n%2C%20los,sido%20respaldada%20por%2078%20pa%C3%ADses.\" target=\"_blank\">VER<\/a><\/strong><br>Convenci\u00f3n americana sobre los derechos humanos pacto de San Jos\u00e9 <strong><a rel=\"noreferrer noopener\" href=\"https:\/\/transparencia.cabocorrientes.gob.mx\/Archivos\/articulo8\/Convencion_ADH.pdf\" target=\"_blank\">PDF<\/a><\/strong><\/p>\n\n\n\n<div class=\"wp-block-buttons is-content-justification-center is-layout-flex wp-block-buttons-is-layout-flex\"><\/div>\n\n\n\n<p><\/p>\n","protected":false},"excerpt":{"rendered":"<p>Declaraci\u00f3n Nairobi 10\/05\/1982 PDF Derecho humanos Convenci\u00f3n sobre los derechos del ni\u00f1o PDFDeclaraci\u00f3n universal de los derechos humanos PDFDerechos humanos VER Derecho civiles y pol\u00edticos Pacto internacional de derechos civiles y pol\u00edticos PDFDerechos civiles y pol\u00edticos VER Declaraci\u00f3n sobre gobierno abierto Declaraci\u00f3n sobre gobierno abierto 01\/07\/2011 PDFGobierno abierto VERConvenci\u00f3n americana sobre los derechos humanos pacto &hellip; <\/p>\n<p class=\"link-more\"><a href=\"https:\/\/transparencia.cabocorrientes.gob.mx\/?page_id=816\" class=\"more-link\">Continue reading<span class=\"screen-reader-text\"> \u00abLos Tratados y convenciones internacionales suscritas por M\u00e9xico.\u00bb<\/span><\/a><\/p>\n","protected":false},"author":1,"featured_media":0,"parent":0,"menu_order":0,"comment_status":"closed","ping_status":"closed","template":"","meta":{"_coblocks_attr":"","_coblocks_dimensions":"","_coblocks_responsive_height":"","_coblocks_accordion_ie_support":"","_regular_price":[],"currency_symbol":[],"footnotes":""},"class_list":["post-816","page","type-page","status-publish","hentry"],"post_slider_layout_featured_media_urls":{"thumbnail":"","post_slider_layout_landscape_large":"","post_slider_layout_portrait_large":"","post_slider_layout_square_large":"","post_slider_layout_landscape":"","post_slider_layout_portrait":"","post_slider_layout_square":"","full":""},"_links":{"self":[{"href":"https:\/\/transparencia.cabocorrientes.gob.mx\/index.php?rest_route=\/wp\/v2\/pages\/816","targetHints":{"allow":["GET"]}}],"collection":[{"href":"https:\/\/transparencia.cabocorrientes.gob.mx\/index.php?rest_route=\/wp\/v2\/pages"}],"about":[{"href":"https:\/\/transparencia.cabocorrientes.gob.mx\/index.php?rest_route=\/wp\/v2\/types\/page"}],"author":[{"embeddable":true,"href":"https:\/\/transparencia.cabocorrientes.gob.mx\/index.php?rest_route=\/wp\/v2\/users\/1"}],"replies":[{"embeddable":true,"href":"https:\/\/transparencia.cabocorrientes.gob.mx\/index.php?rest_route=%2Fwp%2Fv2%2Fcomments&post=816"}],"version-history":[{"count":17,"href":"https:\/\/transparencia.cabocorrientes.gob.mx\/index.php?rest_route=\/wp\/v2\/pages\/816\/revisions"}],"predecessor-version":[{"id":13888,"href":"https:\/\/transparencia.cabocorrientes.gob.mx\/index.php?rest_route=\/wp\/v2\/pages\/816\/revisions\/13888"}],"wp:attachment":[{"href":"https:\/\/transparencia.cabocorrientes.gob.mx\/index.php?rest_route=%2Fwp%2Fv2%2Fmedia&parent=816"}],"curies":[{"name":"wp","href":"https:\/\/api.w.org\/{rel}","templated":true}]}}

Los Tratados y convenciones internacionales suscritas por México.

<div class="wp-block-columns is-layout-flex wp-container-core-columns-is-layout-9d6595d7 wp-block-columns-is-layout-flex">
<div class="wp-block-column is-layout-flow wp-block-column-is-layout-flow"></div>
</div>



<h6 class="wp-block-heading"><strong>Declaración Nairobi 10/05/1982</strong></h6>



<p><strong><a href="https://transparencia.cabocorrientes.gob.mx/Archivos/articulo8/Declaracion_Nairobi_10_MAYO_1982.pdf" data-type="URL" data-id="https://transparencia.cabocorrientes.gob.mx/Archivos/articulo8/Declaracion_Nairobi 10 MAYO 1982.pdf" target="_blank" rel="noreferrer noopener">PDF</a></strong></p>



<h6 class="wp-block-heading"><strong>Derecho humanos</strong></h6>



<p>Convención sobre los derechos del niño <strong><a href="https://transparencia.cabocorrientes.gob.mx/Archivos/articulo8/convencion_sobre_los_derechos_del_nino.pdf" data-type="URL" data-id="https://transparencia.cabocorrientes.gob.mx/Archivos/articulo8/convencion_sobre_los_derechos_del_nino.pdf" target="_blank" rel="noreferrer noopener">PDF</a></strong><br>Declaración universal de los derechos humanos <strong><a rel="noreferrer noopener" href="https://transparencia.cabocorrientes.gob.mx/Archivos/articulo8/declaracion_universal_de_los_derechos_humanos.pdf" target="_blank">PDF</a></strong><br>Derechos humanos <strong><a rel="noreferrer noopener" href="https://www.un.org/es/about-us/universal-declaration-of-human-rights" target="_blank">VER</a></strong></p>



<h6 class="wp-block-heading"><strong>Derecho civiles y políticos</strong></h6>



<p>Pacto internacional de derechos civiles y políticos <strong><a rel="noreferrer noopener" href="https://transparencia.cabocorrientes.gob.mx/Archivos/articulo8/pacto_internacional_de_derechos_civiles_y_politicos.pdf" target="_blank">PDF</a></strong><br>Derechos civiles y políticos <strong><a rel="noreferrer noopener" href="https://www.ohchr.org/SP/ProfessionalInterest/Pages/CCPR.aspx" target="_blank">VER</a></strong></p>



<h6 class="wp-block-heading"><strong>Declaración sobre gobierno abierto</strong></h6>



<p>Declaración sobre gobierno abierto 01/07/2011 <strong><a rel="noreferrer noopener" href="https://transparencia.cabocorrientes.gob.mx/Archivos/articulo8/DECLARACION_SOBRE_GOBIERNO_ABIERTO_01_SEP_2011.pdf" target="_blank">PDF</a></strong><br>Gobierno abierto <strong><a rel="noreferrer noopener" href="https://www.opengovpartnership.org/es/process/joining-ogp/open-government-declaration/#:~:text=Al%20respaldar%20esta%20Declaraci%C3%B3n%2C%20los,sido%20respaldada%20por%2078%20pa%C3%ADses." target="_blank">VER</a></strong><br>Convención americana sobre los derechos humanos pacto de San José <strong><a rel="noreferrer noopener" href="https://transparencia.cabocorrientes.gob.mx/Archivos/articulo8/Convencion_ADH.pdf" target="_blank">PDF</a></strong></p>



<div class="wp-block-buttons is-content-justification-center is-layout-flex wp-block-buttons-is-layout-flex"></div>



<p></p>

<p>Declaración Nairobi 10/05/1982 PDF Derecho humanos Convención sobre los derechos del niño PDFDeclaración universal de los derechos humanos PDFDerechos humanos VER Derecho civiles y políticos Pacto internacional de derechos civiles y políticos PDFDerechos civiles y políticos VER Declaración sobre gobierno abierto Declaración sobre gobierno abierto 01/07/2011 PDFGobierno abierto VERConvención americana sobre los derechos humanos pacto &hellip; </p>
<p class="link-more"><a href="https://transparencia.cabocorrientes.gob.mx/?page_id=816" class="more-link">Continue reading<span class="screen-reader-text"> «Los Tratados y convenciones internacionales suscritas por México.»</span></a></p>
