{"id":682,"date":"2022-01-10T19:15:26","date_gmt":"2022-01-10T19:15:26","guid":{"rendered":"https:\/\/transparencia.cabocorrientes.gob.mx\/?page_id=682"},"modified":"2025-05-15T07:08:41","modified_gmt":"2025-05-15T07:08:41","slug":"el-nombre-del-encargado-y-de-los-integrantes-telefono-fax-y-correo-electronico-del-comite-de-transparencia","status":"publish","type":"page","link":"https:\/\/transparencia.cabocorrientes.gob.mx\/?page_id=682","title":{"rendered":"El nombre del encargado y de los integrantes,"},"content":{"rendered":"\n<div class=\"wp-block-columns is-layout-flex wp-container-core-columns-is-layout-9d6595d7 wp-block-columns-is-layout-flex\">\n<div class=\"wp-block-column is-layout-flow wp-block-column-is-layout-flow\">\n<p>tel\u00e9fono, fax y correo electr\u00f3nico del Comit\u00e9 de Transparencia<\/p>\n<\/div>\n<\/div>\n\n\n\n<p><\/p>\n\n\n\n<p><\/p>\n\n\n\n<p><\/p>\n\n\n\n<p class=\"has-text-align-center\"><strong>COMIT\u00c9 DE TRANSPARENCIA 2024-2027<\/strong><\/p>\n\n\n<p style=\"text-align: center;\">INTEGRANTES:<br \/>C. Joaquin Romero Bravo &#8211; Presidente Municipal<br \/>Lic. Gabriela Lorenzo Guzman &#8211; Contralor Municipal<br \/>Lic. Gricelda Quintero Santana<\/p>\n<p style=\"text-align: center;\">Correo para notificaciones:<br \/>transparencia@cabocorrientes.gob.mx<\/p>\n<p style=\"text-align: center;\">Tel\u00e9fono:<br \/>3222690090 Ext. 121<\/p>\n\n\n<p><\/p>\n\n\n\n<p class=\"has-text-align-center\">Integrantes del Comit\u00e9 de Transparencia 2024-2027 <strong><a rel=\"noreferrer noopener\" href=\"https:\/\/transparencia.cabocorrientes.gob.mx\/Archivos\/articulo8\/actualizacion_de_datos.docx\" data-type=\"URL\" data-id=\"https:\/\/transparencia.cabocorrientes.gob.mx\/Archivos\/articulo8\/1Datos_de_Integrantes_del_Comit\u00e9_de_Transparencia_2024-2027.pdf\" target=\"_blank\">WORD<\/a><\/strong><\/p>\n\n\n<p style=\"text-align: center;\">Acta de integraci\u00f3n de comit\u00e9 de Transparencia 2024-2027 <strong><a href=\"https:\/\/transparencia.cabocorrientes.gob.mx\/Archivos\/articulo8\/ACTA_DE_INTEGRACION_DEL_COMITE_DE__TRANSPARENCIA.docx\" target=\"_blank\" rel=\"noopener\" data-wplink-url-error=\"true\">WORD  <\/a><\/strong><\/p>\n\n\n<div class=\"wp-block-buttons is-horizontal is-content-justification-center is-layout-flex wp-container-core-buttons-is-layout-499968f5 wp-block-buttons-is-layout-flex\"><\/div>\n\n\n\n<p><\/p>\n","protected":false},"excerpt":{"rendered":"<p>tel\u00e9fono, fax y correo electr\u00f3nico del Comit\u00e9 de Transparencia COMIT\u00c9 DE TRANSPARENCIA 2024-2027 INTEGRANTES:C. Joaquin Romero Bravo &#8211; Presidente MunicipalLic. Gabriela Lorenzo Guzman &#8211; Contralor MunicipalLic. Gricelda Quintero Santana Correo para notificaciones:transparencia@cabocorrientes.gob.mx Tel\u00e9fono:3222690090 Ext. 121 Integrantes del Comit\u00e9 de Transparencia 2024-2027 WORD Acta de integraci\u00f3n de comit\u00e9 de Transparencia 2024-2027 WORD<\/p>\n","protected":false},"author":1,"featured_media":0,"parent":0,"menu_order":0,"comment_status":"closed","ping_status":"closed","template":"","meta":{"_coblocks_attr":"","_coblocks_dimensions":"","_coblocks_responsive_height":"","_coblocks_accordion_ie_support":"","_regular_price":[],"currency_symbol":[],"footnotes":""},"class_list":["post-682","page","type-page","status-publish","hentry"],"post_slider_layout_featured_media_urls":{"thumbnail":"","post_slider_layout_landscape_large":"","post_slider_layout_portrait_large":"","post_slider_layout_square_large":"","post_slider_layout_landscape":"","post_slider_layout_portrait":"","post_slider_layout_square":"","full":""},"_links":{"self":[{"href":"https:\/\/transparencia.cabocorrientes.gob.mx\/index.php?rest_route=\/wp\/v2\/pages\/682","targetHints":{"allow":["GET"]}}],"collection":[{"href":"https:\/\/transparencia.cabocorrientes.gob.mx\/index.php?rest_route=\/wp\/v2\/pages"}],"about":[{"href":"https:\/\/transparencia.cabocorrientes.gob.mx\/index.php?rest_route=\/wp\/v2\/types\/page"}],"author":[{"embeddable":true,"href":"https:\/\/transparencia.cabocorrientes.gob.mx\/index.php?rest_route=\/wp\/v2\/users\/1"}],"replies":[{"embeddable":true,"href":"https:\/\/transparencia.cabocorrientes.gob.mx\/index.php?rest_route=%2Fwp%2Fv2%2Fcomments&post=682"}],"version-history":[{"count":38,"href":"https:\/\/transparencia.cabocorrientes.gob.mx\/index.php?rest_route=\/wp\/v2\/pages\/682\/revisions"}],"predecessor-version":[{"id":13881,"href":"https:\/\/transparencia.cabocorrientes.gob.mx\/index.php?rest_route=\/wp\/v2\/pages\/682\/revisions\/13881"}],"wp:attachment":[{"href":"https:\/\/transparencia.cabocorrientes.gob.mx\/index.php?rest_route=%2Fwp%2Fv2%2Fmedia&parent=682"}],"curies":[{"name":"wp","href":"https:\/\/api.w.org\/{rel}","templated":true}]}}