{"id":6486,"date":"2023-02-27T15:19:37","date_gmt":"2023-02-27T15:19:37","guid":{"rendered":"https:\/\/transparencia.cabocorrientes.gob.mx\/?page_id=6486"},"modified":"2025-05-20T05:19:46","modified_gmt":"2025-05-20T05:19:46","slug":"sesiones-de-cabildo-2015","status":"publish","type":"page","link":"https:\/\/transparencia.cabocorrientes.gob.mx\/?page_id=6486","title":{"rendered":"Sesiones de Cabildo\u00a02016"},"content":{"rendered":"<h6><strong>Enero<\/strong><\/h6>\n<p>Orden del d\u00eda 6 <a href=\"https:\/\/transparencia.cabocorrientes.gob.mx\/Archivos\/articulo8\/6_de_enero.docx\" target=\"_blank\" rel=\"noopener\" data-wplink-url-error=\"true\">WORD<\/a><br \/>\nOrden del d\u00eda 7 <a href=\"https:\/\/transparencia.cabocorrientes.gob.mx\/Archivos\/articulo8\/7_de_enero_(4).docx\" target=\"_blank\" rel=\"noopener\" data-wplink-url-error=\"true\">WORD<\/a><br \/>\nOrden del d\u00eda 7 (2) <a href=\"https:\/\/transparencia.cabocorrientes.gob.mx\/Archivos\/articulo8\/7_de_enero_(1).docx\" target=\"_blank\" rel=\"noopener\" data-wplink-url-error=\"true\">WORD<\/a><\/p>\n<h6><strong>Febrero<\/strong><\/h6>\n<p>Orden del d\u00eda 15 <a href=\"https:\/\/transparencia.cabocorrientes.gob.mx\/Archivos\/articulo8\/15_de_febrero.docx\" target=\"_blank\" rel=\"noopener\" data-wplink-url-error=\"true\">WORD<\/a><br \/>\nOrden del d\u00eda 17 <a href=\"https:\/\/transparencia.cabocorrientes.gob.mx\/Archivos\/articulo8\/17_de_febrero.docx\" target=\"_blank\" rel=\"noopener\" data-wplink-url-error=\"true\">WORD<\/a><\/p>\n<h6><strong>Marzo<\/strong><\/h6>\n<p>Orden del d\u00eda 19 <a href=\"https:\/\/transparencia.cabocorrientes.gob.mx\/Archivos\/articulo8\/15_de_febrero.docx\" target=\"_blank\" rel=\"noopener\" data-wplink-url-error=\"true\">WORD<\/a><\/p>\n<h6><strong>Abril<\/strong><\/h6>\n<p>Sesi\u00f3n solemne orden del d\u00eda 1 <a href=\"https:\/\/transparencia.cabocorrientes.gob.mx\/Archivos\/articulo8\/S.S._1_de_abril_0.docx\" target=\"_blank\" rel=\"noopener\" data-wplink-url-error=\"true\">WORD<\/a><br \/>\nOrden del d\u00eda 21 <a href=\"https:\/\/transparencia.cabocorrientes.gob.mx\/Archivos\/articulo8\/21_de_abril.docx\" target=\"_blank\" rel=\"noopener\" data-wplink-url-error=\"true\">WORD<\/a><\/p>\n<h6><strong>Mayo<\/strong><\/h6>\n<p>Sesi\u00f3n extraordinaria orden del d\u00eda 10 <a href=\"https:\/\/transparencia.cabocorrientes.gob.mx\/Archivos\/articulo8\/S.E._10_de_mayo.docx\" target=\"_blank\" rel=\"noopener\" data-wplink-url-error=\"true\">WORD<\/a><br \/>\nSesi\u00f3n extraordinaria orden del d\u00eda 25 <a href=\"https:\/\/transparencia.cabocorrientes.gob.mx\/Archivos\/articulo8\/S.E._25_de_amyo.docx\" target=\"_blank\" rel=\"noopener\" data-wplink-url-error=\"true\">WORD<\/a><\/p>\n","protected":false},"excerpt":{"rendered":"<p>Enero Orden del d\u00eda 6 WORD Orden del d\u00eda 7 WORD Orden del d\u00eda 7 (2) WORD Febrero Orden del d\u00eda 15 WORD Orden del d\u00eda 17 WORD Marzo Orden del d\u00eda 19 WORD Abril Sesi\u00f3n solemne orden del d\u00eda 1 WORD Orden del d\u00eda 21 WORD Mayo Sesi\u00f3n extraordinaria orden del d\u00eda 10 WORD &hellip; <\/p>\n<p class=\"link-more\"><a href=\"https:\/\/transparencia.cabocorrientes.gob.mx\/?page_id=6486\" class=\"more-link\">Continue reading<span class=\"screen-reader-text\"> \u00abSesiones de Cabildo\u00a02016\u00bb<\/span><\/a><\/p>\n","protected":false},"author":4,"featured_media":0,"parent":0,"menu_order":0,"comment_status":"closed","ping_status":"closed","template":"","meta":{"_coblocks_attr":"","_coblocks_dimensions":"","_coblocks_responsive_height":"","_coblocks_accordion_ie_support":"","_regular_price":[],"currency_symbol":[],"footnotes":""},"class_list":["post-6486","page","type-page","status-publish","hentry"],"post_slider_layout_featured_media_urls":{"thumbnail":"","post_slider_layout_landscape_large":"","post_slider_layout_portrait_large":"","post_slider_layout_square_large":"","post_slider_layout_landscape":"","post_slider_layout_portrait":"","post_slider_layout_square":"","full":""},"_links":{"self":[{"href":"https:\/\/transparencia.cabocorrientes.gob.mx\/index.php?rest_route=\/wp\/v2\/pages\/6486","targetHints":{"allow":["GET"]}}],"collection":[{"href":"https:\/\/transparencia.cabocorrientes.gob.mx\/index.php?rest_route=\/wp\/v2\/pages"}],"about":[{"href":"https:\/\/transparencia.cabocorrientes.gob.mx\/index.php?rest_route=\/wp\/v2\/types\/page"}],"author":[{"embeddable":true,"href":"https:\/\/transparencia.cabocorrientes.gob.mx\/index.php?rest_route=\/wp\/v2\/users\/4"}],"replies":[{"embeddable":true,"href":"https:\/\/transparencia.cabocorrientes.gob.mx\/index.php?rest_route=%2Fwp%2Fv2%2Fcomments&post=6486"}],"version-history":[{"count":19,"href":"https:\/\/transparencia.cabocorrientes.gob.mx\/index.php?rest_route=\/wp\/v2\/pages\/6486\/revisions"}],"predecessor-version":[{"id":14109,"href":"https:\/\/transparencia.cabocorrientes.gob.mx\/index.php?rest_route=\/wp\/v2\/pages\/6486\/revisions\/14109"}],"wp:attachment":[{"href":"https:\/\/transparencia.cabocorrientes.gob.mx\/index.php?rest_route=%2Fwp%2Fv2%2Fmedia&parent=6486"}],"curies":[{"name":"wp","href":"https:\/\/api.w.org\/{rel}","templated":true}]}}

<h6><strong>Enero</strong></h6>
<p>Orden del día 6 <a href="https://transparencia.cabocorrientes.gob.mx/Archivos/articulo8/6_de_enero.docx" target="_blank" rel="noopener" data-wplink-url-error="true">WORD</a><br />
Orden del día 7 <a href="https://transparencia.cabocorrientes.gob.mx/Archivos/articulo8/7_de_enero_(4).docx" target="_blank" rel="noopener" data-wplink-url-error="true">WORD</a><br />
Orden del día 7 (2) <a href="https://transparencia.cabocorrientes.gob.mx/Archivos/articulo8/7_de_enero_(1).docx" target="_blank" rel="noopener" data-wplink-url-error="true">WORD</a></p>
<h6><strong>Febrero</strong></h6>
<p>Orden del día 15 <a href="https://transparencia.cabocorrientes.gob.mx/Archivos/articulo8/15_de_febrero.docx" target="_blank" rel="noopener" data-wplink-url-error="true">WORD</a><br />
Orden del día 17 <a href="https://transparencia.cabocorrientes.gob.mx/Archivos/articulo8/17_de_febrero.docx" target="_blank" rel="noopener" data-wplink-url-error="true">WORD</a></p>
<h6><strong>Marzo</strong></h6>
<p>Orden del día 19 <a href="https://transparencia.cabocorrientes.gob.mx/Archivos/articulo8/15_de_febrero.docx" target="_blank" rel="noopener" data-wplink-url-error="true">WORD</a></p>
<h6><strong>Abril</strong></h6>
<p>Sesión solemne orden del día 1 <a href="https://transparencia.cabocorrientes.gob.mx/Archivos/articulo8/S.S._1_de_abril_0.docx" target="_blank" rel="noopener" data-wplink-url-error="true">WORD</a><br />
Orden del día 21 <a href="https://transparencia.cabocorrientes.gob.mx/Archivos/articulo8/21_de_abril.docx" target="_blank" rel="noopener" data-wplink-url-error="true">WORD</a></p>
<h6><strong>Mayo</strong></h6>
<p>Sesión extraordinaria orden del día 10 <a href="https://transparencia.cabocorrientes.gob.mx/Archivos/articulo8/S.E._10_de_mayo.docx" target="_blank" rel="noopener" data-wplink-url-error="true">WORD</a><br />
Sesión extraordinaria orden del día 25 <a href="https://transparencia.cabocorrientes.gob.mx/Archivos/articulo8/S.E._25_de_amyo.docx" target="_blank" rel="noopener" data-wplink-url-error="true">WORD</a></p>

<p>Enero Orden del día 6 WORD Orden del día 7 WORD Orden del día 7 (2) WORD Febrero Orden del día 15 WORD Orden del día 17 WORD Marzo Orden del día 19 WORD Abril Sesión solemne orden del día 1 WORD Orden del día 21 WORD Mayo Sesión extraordinaria orden del día 10 WORD &hellip; </p>
<p class="link-more"><a href="https://transparencia.cabocorrientes.gob.mx/?page_id=6486" class="more-link">Continue reading<span class="screen-reader-text"> «Sesiones de Cabildo 2016»</span></a></p>
