{"id":642,"date":"2022-01-10T17:44:53","date_gmt":"2022-01-10T17:44:53","guid":{"rendered":"https:\/\/transparencia.cabocorrientes.gob.mx\/?page_id=642"},"modified":"2023-02-22T15:13:04","modified_gmt":"2023-02-22T15:13:04","slug":"la-denominacion-domicilio-telefonos-faxes-direccion-electronica-y-correo-electronico-oficiales-del-sujeto-obligado","status":"publish","type":"page","link":"https:\/\/transparencia.cabocorrientes.gob.mx\/?page_id=642","title":{"rendered":"La Denominaci\u00f3n, Domicilio, Tel\u00e9fonos, Faxes, Direcci\u00f3n electr\u00f3nica y correo electr\u00f3nico oficiales del sujeto obligado"},"content":{"rendered":"\n<div class=\"wp-block-columns is-layout-flex wp-container-core-columns-is-layout-9d6595d7 wp-block-columns-is-layout-flex\">\n<div class=\"wp-block-column is-layout-flow wp-block-column-is-layout-flow\"><\/div>\n<\/div>\n\n\n\n<h6 class=\"wp-block-heading\">DOMICILIO<\/h6>\n\n\n\n<p class=\"has-normal-font-size\">AYUNTAMIENTO DE CABO CORRIENTES, JALISCO<br>Domicilio: Portal Hidalgo, #12. Colonia Centro C.P. 48400<br>Tel\u00e9fonos:<br>322-26-90 090<br>322-26-90 276<br>322-26-90 465<br>322-26-90-101<\/p>\n\n\n\n<p><strong>POR EL MOMENTO NO SE CUENTA CON L\u00cdNEA DE FAX<\/strong><\/p>\n\n\n\n<h6 class=\"wp-block-heading\">PAGINA WEB<\/h6>\n\n\n\n<p><a href=\"http:\/\/www.cabocorrientes.gob.mx\/\" target=\"_blank\" rel=\"noreferrer noopener\">www.cabocorrientes.gob.m<\/a><a href=\"http:\/\/www.cabocorrientes.gob.mx\/\">x<\/a><\/p>\n\n\n\n<h6 class=\"wp-block-heading\">FACEBOOK<\/h6>\n\n\n\n<p><a href=\"https:\/\/www.facebook.com\/GobiernoDeCaboCorrientes\" target=\"_blank\" rel=\"noreferrer noopener\">https:\/\/www.facebook.com\/GobiernoDeCaboCorrientes<\/a><\/p>\n\n\n\n<h6 class=\"wp-block-heading\">CORREO ELECTRONICO<\/h6>\n\n\n\n<p><a href=\"mailto:presidencia@cabocorrientes.gob.mx\">presidencia@cabocorrientes.gob.mx<\/a><br><a href=\"mailto:transparencia@cabocorrientes.gob.mx\">transparencia@cabocorrientes.gob.mx<\/a><\/p>\n\n\n\n<p><\/p>\n\n\n\n<p>Horario de atenci\u00f3n: Lunes a Viernes de 9:00 am a 16:00 pm<\/p>\n\n\n\n<div class=\"wp-block-buttons is-horizontal is-content-justification-center is-layout-flex wp-container-core-buttons-is-layout-499968f5 wp-block-buttons-is-layout-flex\"><\/div>\n\n\n\n<p><\/p>\n","protected":false},"excerpt":{"rendered":"<p>DOMICILIO AYUNTAMIENTO DE CABO CORRIENTES, JALISCODomicilio: Portal Hidalgo, #12. Colonia Centro C.P. 48400Tel\u00e9fonos:322-26-90 090322-26-90 276322-26-90 465322-26-90-101 POR EL MOMENTO NO SE CUENTA CON L\u00cdNEA DE FAX PAGINA WEB www.cabocorrientes.gob.mx FACEBOOK https:\/\/www.facebook.com\/GobiernoDeCaboCorrientes CORREO ELECTRONICO presidencia@cabocorrientes.gob.mxtransparencia@cabocorrientes.gob.mx Horario de atenci\u00f3n: Lunes a Viernes de 9:00 am a 16:00 pm<\/p>\n","protected":false},"author":1,"featured_media":0,"parent":0,"menu_order":0,"comment_status":"closed","ping_status":"closed","template":"","meta":{"_coblocks_attr":"","_coblocks_dimensions":"","_coblocks_responsive_height":"","_coblocks_accordion_ie_support":"","_regular_price":[],"currency_symbol":[],"footnotes":""},"class_list":["post-642","page","type-page","status-publish","hentry"],"post_slider_layout_featured_media_urls":{"thumbnail":"","post_slider_layout_landscape_large":"","post_slider_layout_portrait_large":"","post_slider_layout_square_large":"","post_slider_layout_landscape":"","post_slider_layout_portrait":"","post_slider_layout_square":"","full":""},"_links":{"self":[{"href":"https:\/\/transparencia.cabocorrientes.gob.mx\/index.php?rest_route=\/wp\/v2\/pages\/642","targetHints":{"allow":["GET"]}}],"collection":[{"href":"https:\/\/transparencia.cabocorrientes.gob.mx\/index.php?rest_route=\/wp\/v2\/pages"}],"about":[{"href":"https:\/\/transparencia.cabocorrientes.gob.mx\/index.php?rest_route=\/wp\/v2\/types\/page"}],"author":[{"embeddable":true,"href":"https:\/\/transparencia.cabocorrientes.gob.mx\/index.php?rest_route=\/wp\/v2\/users\/1"}],"replies":[{"embeddable":true,"href":"https:\/\/transparencia.cabocorrientes.gob.mx\/index.php?rest_route=%2Fwp%2Fv2%2Fcomments&post=642"}],"version-history":[{"count":10,"href":"https:\/\/transparencia.cabocorrientes.gob.mx\/index.php?rest_route=\/wp\/v2\/pages\/642\/revisions"}],"predecessor-version":[{"id":6306,"href":"https:\/\/transparencia.cabocorrientes.gob.mx\/index.php?rest_route=\/wp\/v2\/pages\/642\/revisions\/6306"}],"wp:attachment":[{"href":"https:\/\/transparencia.cabocorrientes.gob.mx\/index.php?rest_route=%2Fwp%2Fv2%2Fmedia&parent=642"}],"curies":[{"name":"wp","href":"https:\/\/api.w.org\/{rel}","templated":true}]}}