{"id":5444,"date":"2023-02-01T18:17:35","date_gmt":"2023-02-01T18:17:35","guid":{"rendered":"https:\/\/transparencia.cabocorrientes.gob.mx\/?page_id=5444"},"modified":"2025-05-20T05:09:06","modified_gmt":"2025-05-20T05:09:06","slug":"las-politicas-publicas-que-elabora","status":"publish","type":"page","link":"https:\/\/transparencia.cabocorrientes.gob.mx\/?page_id=5444","title":{"rendered":"Las pol\u00edticas p\u00fablicas que elabora"},"content":{"rendered":"\n<p> aplica el sujeto obligado, de cuando menos los \u00faltimos tres a\u00f1os<\/p>\n\n\n\n<div class=\"wp-block-columns is-layout-flex wp-container-core-columns-is-layout-9d6595d7 wp-block-columns-is-layout-flex\">\n<div class=\"wp-block-column is-layout-flow wp-block-column-is-layout-flow\"><\/div>\n<\/div>\n\n\n\n<p><\/p>\n\n\n\n<p>Plan general del Ayuntamiento y pol\u00edticas p\u00fablicas 2012 &#8211; 2015 PDF<\/p>\n\n\n\n<p>Pol\u00edticas p\u00fablicas de catastro <strong><a href=\"https:\/\/transparencia.cabocorrientes.gob.mx\/Archivos\/articulo8\/Catastro1_.pdf\" data-type=\"URL\" data-id=\"https:\/\/transparencia.cabocorrientes.gob.mx\/Archivos\/articulo8\/Catastro1_.pdf\" target=\"_blank\" rel=\"noreferrer noopener\">PDF<\/a><\/strong> \/ <strong><a href=\"https:\/\/transparencia.cabocorrientes.gob.mx\/Archivos\/articulo8\/Catastro1_.docx\" data-type=\"URL\" data-id=\"https:\/\/transparencia.cabocorrientes.gob.mx\/Archivos\/articulo8\/Catastro1_.docx\" target=\"_blank\" rel=\"noreferrer noopener\">WORD<\/a><\/strong> \/ <strong><a href=\"https:\/\/transparencia.cabocorrientes.gob.mx\/Archivos\/articulo8\/Catastro_1_.docx\" data-type=\"URL\" data-id=\"https:\/\/transparencia.cabocorrientes.gob.mx\/Archivos\/articulo8\/Catastro_1_.docx\" target=\"_blank\" rel=\"noreferrer noopener\">WORD<\/a><\/strong><\/p>\n\n\n\n<p>Pol\u00edticas p\u00fablicas de promoci\u00f3n econ\u00f3mica PDF<\/p>\n\n\n\n<p>Pol\u00edticas p\u00fablicas de secretar\u00eda general PDF<\/p>\n\n\n\n<p>Pol\u00edticas p\u00fablicas de Cultura <strong><a href=\"https:\/\/transparencia.cabocorrientes.gob.mx\/Archivos\/articulo8\/Cultura003.pdf\" data-type=\"URL\" data-id=\"https:\/\/transparencia.cabocorrientes.gob.mx\/Archivos\/articulo8\/Cultura003.pdf\" target=\"_blank\" rel=\"noreferrer noopener\">PDF<\/a><\/strong> \/ <strong><a href=\"https:\/\/transparencia.cabocorrientes.gob.mx\/Archivos\/articulo8\/Cultura003.docx\" data-type=\"URL\" data-id=\"https:\/\/transparencia.cabocorrientes.gob.mx\/Archivos\/articulo8\/Cultura003.docx\" target=\"_blank\" rel=\"noreferrer noopener\">WORD<\/a><\/strong><\/p>\n\n\n\n<p><strong>Secretaria General<\/strong><\/p>\n\n\n\n<p>Pol\u00edticas P\u00fablicas 2018-2021 Secretaria General PDF \/ WORD<br>Plan Municipal de Desarrollo y Gobernanza <strong><a href=\"https:\/\/transparencia.cabocorrientes.gob.mx\/Archivos\/articulo8\/PLAN_MUNICIPAL_DE_DESARROLLO_Y_GOBERNANZA.pdf\" data-type=\"URL\" data-id=\"https:\/\/transparencia.cabocorrientes.gob.mx\/Archivos\/articulo8\/PLAN_MUNICIPAL_DE_DESARROLLO_Y_GOBERNANZA.pdf\" target=\"_blank\" rel=\"noreferrer noopener\">PDF<\/a><\/strong><\/p>\n\n\n\n<div class=\"wp-block-buttons is-horizontal is-content-justification-center is-layout-flex wp-container-core-buttons-is-layout-499968f5 wp-block-buttons-is-layout-flex\"><\/div>\n\n\n\n<p><\/p>\n\n\n\n<div class=\"wp-block-columns is-layout-flex wp-container-core-columns-is-layout-9d6595d7 wp-block-columns-is-layout-flex\">\n<div class=\"wp-block-column is-layout-flow wp-block-column-is-layout-flow\"><\/div>\n<\/div>\n","protected":false},"excerpt":{"rendered":"<p>aplica el sujeto obligado, de cuando menos los \u00faltimos tres a\u00f1os Plan general del Ayuntamiento y pol\u00edticas p\u00fablicas 2012 &#8211; 2015 PDF Pol\u00edticas p\u00fablicas de catastro PDF \/ WORD \/ WORD Pol\u00edticas p\u00fablicas de promoci\u00f3n econ\u00f3mica PDF Pol\u00edticas p\u00fablicas de secretar\u00eda general PDF Pol\u00edticas p\u00fablicas de Cultura PDF \/ WORD Secretaria General Pol\u00edticas P\u00fablicas 2018-2021 &hellip; <\/p>\n<p class=\"link-more\"><a href=\"https:\/\/transparencia.cabocorrientes.gob.mx\/?page_id=5444\" class=\"more-link\">Continue reading<span class=\"screen-reader-text\"> \u00abLas pol\u00edticas p\u00fablicas que elabora\u00bb<\/span><\/a><\/p>\n","protected":false},"author":1,"featured_media":0,"parent":0,"menu_order":0,"comment_status":"closed","ping_status":"closed","template":"","meta":{"_coblocks_attr":"","_coblocks_dimensions":"","_coblocks_responsive_height":"","_coblocks_accordion_ie_support":"","_regular_price":[],"currency_symbol":[],"footnotes":""},"class_list":["post-5444","page","type-page","status-publish","hentry"],"post_slider_layout_featured_media_urls":{"thumbnail":"","post_slider_layout_landscape_large":"","post_slider_layout_portrait_large":"","post_slider_layout_square_large":"","post_slider_layout_landscape":"","post_slider_layout_portrait":"","post_slider_layout_square":"","full":""},"_links":{"self":[{"href":"https:\/\/transparencia.cabocorrientes.gob.mx\/index.php?rest_route=\/wp\/v2\/pages\/5444","targetHints":{"allow":["GET"]}}],"collection":[{"href":"https:\/\/transparencia.cabocorrientes.gob.mx\/index.php?rest_route=\/wp\/v2\/pages"}],"about":[{"href":"https:\/\/transparencia.cabocorrientes.gob.mx\/index.php?rest_route=\/wp\/v2\/types\/page"}],"author":[{"embeddable":true,"href":"https:\/\/transparencia.cabocorrientes.gob.mx\/index.php?rest_route=\/wp\/v2\/users\/1"}],"replies":[{"embeddable":true,"href":"https:\/\/transparencia.cabocorrientes.gob.mx\/index.php?rest_route=%2Fwp%2Fv2%2Fcomments&post=5444"}],"version-history":[{"count":11,"href":"https:\/\/transparencia.cabocorrientes.gob.mx\/index.php?rest_route=\/wp\/v2\/pages\/5444\/revisions"}],"predecessor-version":[{"id":14106,"href":"https:\/\/transparencia.cabocorrientes.gob.mx\/index.php?rest_route=\/wp\/v2\/pages\/5444\/revisions\/14106"}],"wp:attachment":[{"href":"https:\/\/transparencia.cabocorrientes.gob.mx\/index.php?rest_route=%2Fwp%2Fv2%2Fmedia&parent=5444"}],"curies":[{"name":"wp","href":"https:\/\/api.w.org\/{rel}","templated":true}]}}