{"id":5301,"date":"2023-01-30T20:50:59","date_gmt":"2023-01-30T20:50:59","guid":{"rendered":"https:\/\/transparencia.cabocorrientes.gob.mx\/?page_id=5301"},"modified":"2025-05-16T17:29:20","modified_gmt":"2025-05-16T17:29:20","slug":"los-programas-sociales-que-aplica-el-sujeto-obligado","status":"publish","type":"page","link":"https:\/\/transparencia.cabocorrientes.gob.mx\/?page_id=5301","title":{"rendered":"Los programas sociales que aplica el sujeto obligado"},"content":{"rendered":"\n<p>de cuando menos los \u00faltimos tres a\u00f1os, donde se se\u00f1ale cuando menos los objetivos, metas, presupuesto y reglas de operaci\u00f3n del programa los requisitos, tr\u00e1mites y formatos para ser beneficiario la entidad p\u00fablica ejecutora, el responsable directo, n\u00famero de personal que lo aplica y el costo de operaci\u00f3n del programa el padr\u00f3n de beneficiarios del programa y la medici\u00f3n de avances de la ejecuci\u00f3n del gasto, y el cumplimiento de metas y objetivos del programa, incluida la metodolog\u00eda empleada.<\/p>\n\n\n\n<div class=\"wp-block-columns is-layout-flex wp-container-core-columns-is-layout-9d6595d7 wp-block-columns-is-layout-flex\">\n<div class=\"wp-block-column is-layout-flow wp-block-column-is-layout-flow\"><\/div>\n<\/div>\n\n\n\n<p><\/p>\n\n\n\n<p><strong><a href=\"https:\/\/transparencia.cabocorrientes.gob.mx\/?page_id=5317\" data-type=\"URL\" data-id=\"https:\/\/transparencia.cabocorrientes.gob.mx\/?page_id=5317\">Programas Sociales 2018<\/a><\/strong><\/p>\n\n\n\n<p><strong><a href=\"https:\/\/transparencia.cabocorrientes.gob.mx\/?page_id=8927\" data-type=\"URL\" data-id=\"https:\/\/transparencia.cabocorrientes.gob.mx\/?page_id=8927\">Programas Sociales 2023<\/a><\/strong><\/p>\n\n\n\n<p><strong><a href=\"https:\/\/transparencia.cabocorrientes.gob.mx\/?page_id=13937\" data-type=\"URL\" data-id=\"https:\/\/transparencia.cabocorrientes.gob.mx\/?page_id=13937\">Programas Sociales 2025 <\/a><\/strong><\/p>\n\n\n\n<div class=\"wp-block-buttons is-horizontal is-content-justification-center is-layout-flex wp-container-core-buttons-is-layout-499968f5 wp-block-buttons-is-layout-flex\"><\/div>\n\n\n\n<p><\/p>\n","protected":false},"excerpt":{"rendered":"<p>de cuando menos los \u00faltimos tres a\u00f1os, donde se se\u00f1ale cuando menos los objetivos, metas, presupuesto y reglas de operaci\u00f3n del programa los requisitos, tr\u00e1mites y formatos para ser beneficiario la entidad p\u00fablica ejecutora, el responsable directo, n\u00famero de personal que lo aplica y el costo de operaci\u00f3n del programa el padr\u00f3n de beneficiarios del &hellip; <\/p>\n<p class=\"link-more\"><a href=\"https:\/\/transparencia.cabocorrientes.gob.mx\/?page_id=5301\" class=\"more-link\">Continue reading<span class=\"screen-reader-text\"> \u00abLos programas sociales que aplica el sujeto obligado\u00bb<\/span><\/a><\/p>\n","protected":false},"author":1,"featured_media":0,"parent":0,"menu_order":0,"comment_status":"closed","ping_status":"closed","template":"","meta":{"_coblocks_attr":"","_coblocks_dimensions":"","_coblocks_responsive_height":"","_coblocks_accordion_ie_support":"","_regular_price":[],"currency_symbol":[],"footnotes":""},"class_list":["post-5301","page","type-page","status-publish","hentry"],"post_slider_layout_featured_media_urls":{"thumbnail":"","post_slider_layout_landscape_large":"","post_slider_layout_portrait_large":"","post_slider_layout_square_large":"","post_slider_layout_landscape":"","post_slider_layout_portrait":"","post_slider_layout_square":"","full":""},"_links":{"self":[{"href":"https:\/\/transparencia.cabocorrientes.gob.mx\/index.php?rest_route=\/wp\/v2\/pages\/5301","targetHints":{"allow":["GET"]}}],"collection":[{"href":"https:\/\/transparencia.cabocorrientes.gob.mx\/index.php?rest_route=\/wp\/v2\/pages"}],"about":[{"href":"https:\/\/transparencia.cabocorrientes.gob.mx\/index.php?rest_route=\/wp\/v2\/types\/page"}],"author":[{"embeddable":true,"href":"https:\/\/transparencia.cabocorrientes.gob.mx\/index.php?rest_route=\/wp\/v2\/users\/1"}],"replies":[{"embeddable":true,"href":"https:\/\/transparencia.cabocorrientes.gob.mx\/index.php?rest_route=%2Fwp%2Fv2%2Fcomments&post=5301"}],"version-history":[{"count":11,"href":"https:\/\/transparencia.cabocorrientes.gob.mx\/index.php?rest_route=\/wp\/v2\/pages\/5301\/revisions"}],"predecessor-version":[{"id":13942,"href":"https:\/\/transparencia.cabocorrientes.gob.mx\/index.php?rest_route=\/wp\/v2\/pages\/5301\/revisions\/13942"}],"wp:attachment":[{"href":"https:\/\/transparencia.cabocorrientes.gob.mx\/index.php?rest_route=%2Fwp%2Fv2%2Fmedia&parent=5301"}],"curies":[{"name":"wp","href":"https:\/\/api.w.org\/{rel}","templated":true}]}}