{"id":4991,"date":"2023-01-26T16:51:15","date_gmt":"2023-01-26T16:51:15","guid":{"rendered":"https:\/\/transparencia.cabocorrientes.gob.mx\/?page_id=4991"},"modified":"2026-04-16T21:19:58","modified_gmt":"2026-04-16T21:19:58","slug":"el-estado-de-la-deuda-publica-del-sujeto-obligado-donde-se-senale-cuando-menos-responsable-de-la-autorizacion-fecha-de-contratacion-monto-del-credito-tasa-de-interes-monto-total-amortizable-plaz","status":"publish","type":"page","link":"https:\/\/transparencia.cabocorrientes.gob.mx\/?page_id=4991","title":{"rendered":"El estado de la deuda p\u00fablica del sujeto obligado"},"content":{"rendered":"\n<p><strong>donde se se\u00f1ale cuando menos responsable de la autorizaci\u00f3n, fecha de contrataci\u00f3n, monto del cr\u00e9dito, tasa de inter\u00e9s, monto total amortizable, plazo de vencimiento, instituci\u00f3n crediticia, objeto de aplicaci\u00f3n, y avance de aplicaci\u00f3n de cada deuda contratada.<\/strong><\/p>\n\n\n\n<div class=\"wp-block-columns is-layout-flex wp-container-core-columns-is-layout-9d6595d7 wp-block-columns-is-layout-flex\">\n<div class=\"wp-block-column is-layout-flow wp-block-column-is-layout-flow\"><\/div>\n<\/div>\n\n\n\n<p>Estados financieros <a href=\"https:\/\/transparencia.cabocorrientes.gob.mx\/?page_id=2744\" data-type=\"URL\" data-id=\"https:\/\/transparencia.cabocorrientes.gob.mx\/?page_id=2744\"><strong>2020<\/strong><\/a><br>Estados financieros <a href=\"https:\/\/transparencia.cabocorrientes.gob.mx\/?page_id=2747\" data-type=\"URL\" data-id=\"https:\/\/transparencia.cabocorrientes.gob.mx\/?page_id=2747\"><strong>2021<\/strong><\/a><br>Estados financieros <a href=\"https:\/\/transparencia.cabocorrientes.gob.mx\/?page_id=2750\" data-type=\"URL\" data-id=\"https:\/\/transparencia.cabocorrientes.gob.mx\/?page_id=2750\"><strong>2022<\/strong><\/a><br>Estados financieros <a href=\"https:\/\/transparencia.cabocorrientes.gob.mx\/?page_id=10001\" data-type=\"URL\" data-id=\"https:\/\/transparencia.cabocorrientes.gob.mx\/?page_id=2744\"><strong>2023<\/strong><\/a>\n<br>Estados financieros <a href=\"https:\/\/transparencia.cabocorrientes.gob.mx\/?page_id=12378\" data-type=\"URL\" data-id=\"https:\/\/transparencia.cabocorrientes.gob.mx\/?page_id=2744\"><strong>2024<\/strong><\/a>\n<br>Estados financieros <a href=\"https:\/\/transparencia.cabocorrientes.gob.mx\/?page_id=14978\" data-type=\"URL\" data-id=\"https:\/\/transparencia.cabocorrientes.gob.mx\/?page_id=2744\"><strong>2025<\/strong><\/a><\/p>\n\n\n<\/p>\n\n\n<p><\/p>\n\n\n\n<div class=\"wp-block-buttons is-horizontal is-content-justification-center is-layout-flex wp-container-core-buttons-is-layout-499968f5 wp-block-buttons-is-layout-flex\"><\/div>\n","protected":false},"excerpt":{"rendered":"<p>donde se se\u00f1ale cuando menos responsable de la autorizaci\u00f3n, fecha de contrataci\u00f3n, monto del cr\u00e9dito, tasa de inter\u00e9s, monto total amortizable, plazo de vencimiento, instituci\u00f3n crediticia, objeto de aplicaci\u00f3n, y avance de aplicaci\u00f3n de cada deuda contratada. Estados financieros 2020Estados financieros 2021Estados financieros 2022Estados financieros 2023 Estados financieros 2024 Estados financieros 2025<\/p>\n","protected":false},"author":4,"featured_media":0,"parent":0,"menu_order":0,"comment_status":"closed","ping_status":"closed","template":"","meta":{"_coblocks_attr":"","_coblocks_dimensions":"","_coblocks_responsive_height":"","_coblocks_accordion_ie_support":"","_regular_price":[],"currency_symbol":[],"footnotes":""},"class_list":["post-4991","page","type-page","status-publish","hentry"],"post_slider_layout_featured_media_urls":{"thumbnail":"","post_slider_layout_landscape_large":"","post_slider_layout_portrait_large":"","post_slider_layout_square_large":"","post_slider_layout_landscape":"","post_slider_layout_portrait":"","post_slider_layout_square":"","full":""},"_links":{"self":[{"href":"https:\/\/transparencia.cabocorrientes.gob.mx\/index.php?rest_route=\/wp\/v2\/pages\/4991","targetHints":{"allow":["GET"]}}],"collection":[{"href":"https:\/\/transparencia.cabocorrientes.gob.mx\/index.php?rest_route=\/wp\/v2\/pages"}],"about":[{"href":"https:\/\/transparencia.cabocorrientes.gob.mx\/index.php?rest_route=\/wp\/v2\/types\/page"}],"author":[{"embeddable":true,"href":"https:\/\/transparencia.cabocorrientes.gob.mx\/index.php?rest_route=\/wp\/v2\/users\/4"}],"replies":[{"embeddable":true,"href":"https:\/\/transparencia.cabocorrientes.gob.mx\/index.php?rest_route=%2Fwp%2Fv2%2Fcomments&post=4991"}],"version-history":[{"count":14,"href":"https:\/\/transparencia.cabocorrientes.gob.mx\/index.php?rest_route=\/wp\/v2\/pages\/4991\/revisions"}],"predecessor-version":[{"id":14981,"href":"https:\/\/transparencia.cabocorrientes.gob.mx\/index.php?rest_route=\/wp\/v2\/pages\/4991\/revisions\/14981"}],"wp:attachment":[{"href":"https:\/\/transparencia.cabocorrientes.gob.mx\/index.php?rest_route=%2Fwp%2Fv2%2Fmedia&parent=4991"}],"curies":[{"name":"wp","href":"https:\/\/api.w.org\/{rel}","templated":true}]}}