{"id":3717,"date":"2022-11-22T13:31:23","date_gmt":"2022-11-22T13:31:23","guid":{"rendered":"https:\/\/transparencia.cabocorrientes.gob.mx\/?page_id=3717"},"modified":"2025-05-19T20:53:43","modified_gmt":"2025-05-19T20:53:43","slug":"las-convocatorias-y-resoluciones-sobre-concursos","status":"publish","type":"page","link":"https:\/\/transparencia.cabocorrientes.gob.mx\/?page_id=3717","title":{"rendered":"Las convocatorias y resoluciones sobre concursos"},"content":{"rendered":"\n<p>por invitaci\u00f3n en materia de adquisiciones, obra p\u00fablica, proyectos de inversi\u00f3n y prestaci\u00f3n de servicios, de cuando menos los \u00faltimos tres a\u00f1os<\/p>\n\n\n\n<div class=\"wp-block-columns is-layout-flex wp-container-core-columns-is-layout-9d6595d7 wp-block-columns-is-layout-flex\">\n<div class=\"wp-block-column is-layout-flow wp-block-column-is-layout-flow\"><\/div>\n<\/div>\n\n\n\n<span class=\"collapseomatic \" id=\"id69f14730f3a7c\"  tabindex=\"0\" title=\"Informaci\u00f3n a\u00f1o 2019\"    >Informaci\u00f3n a\u00f1o 2019<\/span><div id=\"target-id69f14730f3a7c\" class=\"collapseomatic_content \">\n\n\n\n<p><\/p>\n\n\n\n<p>Check List Adjudicaci\u00f3n directa servicio relacionado con la obra p\u00fablica <strong><a rel=\"noreferrer noopener\" href=\"https:\/\/transparencia.cabocorrientes.gob.mx\/Archivos\/articulo8\/CHECK_LIST_ADJUDICACION_DIRECTA__SERV._REL_CON_OBRA_PUB_2019.pdf\" data-type=\"URL\" data-id=\"https:\/\/transparencia.cabocorrientes.gob.mx\/Archivos\/articulo8\/CHECK_LIST_ADJUDICACION_DIRECTA__SERV._REL_CON_OBRA_PUB_2019.pdf\" target=\"_blank\">PDF<\/a><\/strong> \/ <strong><a rel=\"noreferrer noopener\" href=\"https:\/\/transparencia.cabocorrientes.gob.mx\/Archivos\/articulo8\/CHECK_LIST_ADJUDICACION_DIRECTA__SERV._REL_CON_OBRA_PUB_2019.doc\" data-type=\"URL\" data-id=\"https:\/\/transparencia.cabocorrientes.gob.mx\/Archivos\/articulo8\/CHECK_LIST_ADJUDICACION_DIRECTA__SERV._REL_CON_OBRA_PUB_2019.doc\" target=\"_blank\">WORD<\/a><\/strong><br>Check List Adjudicaci\u00f3n directa <strong><a rel=\"noreferrer noopener\" href=\"https:\/\/transparencia.cabocorrientes.gob.mx\/Archivos\/articulo8\/CHECK_LIST_ADJUDICACION_DIRECTA_2019.pdf\" data-type=\"URL\" data-id=\"https:\/\/transparencia.cabocorrientes.gob.mx\/Archivos\/articulo8\/CHECK_LIST_ADJUDICACION_DIRECTA_2019.pdf\" target=\"_blank\">PDF<\/a><\/strong> \/ <strong><a href=\"https:\/\/transparencia.cabocorrientes.gob.mx\/Archivos\/articulo8\/CHECK_LIST_ADJUDICACION_DIRECTA_2019.doc\" data-type=\"URL\" data-id=\"https:\/\/transparencia.cabocorrientes.gob.mx\/Archivos\/articulo8\/CHECK_LIST_ADJUDICACION_DIRECTA_2019.doc\" target=\"_blank\" rel=\"noreferrer noopener\">WORD<\/a><\/strong><br>Check List concurso por invitaci\u00f3n <strong><a rel=\"noreferrer noopener\" href=\"https:\/\/transparencia.cabocorrientes.gob.mx\/Archivos\/articulo8\/CHECK_LIST_CONCURSO_POR_INVITACION_2019.pdf\" data-type=\"URL\" data-id=\"https:\/\/transparencia.cabocorrientes.gob.mx\/Archivos\/articulo8\/CHECK_LIST_CONCURSO_POR_INVITACION_2019.pdf\" target=\"_blank\">PDF<\/a><\/strong> \/ <strong><a href=\"https:\/\/transparencia.cabocorrientes.gob.mx\/Archivos\/articulo8\/CHECK_LIST_CONCURSO_POR_INVITACION_2019.doc\" data-type=\"URL\" data-id=\"https:\/\/transparencia.cabocorrientes.gob.mx\/Archivos\/articulo8\/CHECK_LIST_CONCURSO_POR_INVITACION_2019.doc\" target=\"_blank\" rel=\"noreferrer noopener\">WORD<\/a><\/strong><br>Check List licitaci\u00f3n p\u00fablica <strong><a rel=\"noreferrer noopener\" href=\"https:\/\/transparencia.cabocorrientes.gob.mx\/Archivos\/articulo8\/CHECK_LIST_LICITACION_PUBLICA_2019.pdf\" data-type=\"URL\" data-id=\"https:\/\/transparencia.cabocorrientes.gob.mx\/Archivos\/articulo8\/CHECK_LIST_LICITACION_PUBLICA_2019.pdf\" target=\"_blank\">PDF<\/a><\/strong> \/ <strong><a href=\"https:\/\/transparencia.cabocorrientes.gob.mx\/Archivos\/articulo8\/CHECK_LIST_LICITACION_PUBLICA_2019.doc\" data-type=\"URL\" data-id=\"https:\/\/transparencia.cabocorrientes.gob.mx\/Archivos\/articulo8\/CHECK_LIST_LICITACION_PUBLICA_2019.doc\" target=\"_blank\" rel=\"noreferrer noopener\">WORD<\/a><\/strong><br>Check List obra directa <strong><a rel=\"noreferrer noopener\" href=\"https:\/\/transparencia.cabocorrientes.gob.mx\/Archivos\/articulo8\/CHECK_LIST_OBRA_DIRECTA_2019.pdf\" data-type=\"URL\" data-id=\"https:\/\/transparencia.cabocorrientes.gob.mx\/Archivos\/articulo8\/CHECK_LIST_OBRA_DIRECTA_2019.pdf\" target=\"_blank\">PDF<\/a><\/strong> \/ <strong><a href=\"https:\/\/transparencia.cabocorrientes.gob.mx\/Archivos\/articulo8\/CHECK_LIST_OBRA_DIRECTA_2019.doc\" data-type=\"URL\" data-id=\"https:\/\/transparencia.cabocorrientes.gob.mx\/Archivos\/articulo8\/CHECK_LIST_OBRA_DIRECTA_2019.doc\" target=\"_blank\" rel=\"noreferrer noopener\">WORD<\/a><\/strong><\/p>\n\n\n<\/div>\n<p><\/p>\n\n\n<span class=\"collapseomatic \" id=\"id69f14730f3ae6\"  tabindex=\"0\" title=\"Informaci\u00f3n a\u00f1o 2020\"    >Informaci\u00f3n a\u00f1o 2020<\/span><div id=\"target-id69f14730f3ae6\" class=\"collapseomatic_content \">\n\n\n\n<p><\/p>\n\n\n\n<p>check list adjudicaci\u00f3n directa servicio relacionado con la obra p\u00fablica <strong><a rel=\"noreferrer noopener\" href=\"https:\/\/transparencia.cabocorrientes.gob.mx\/Archivos\/articulo8\/CHECK_LIST_ADJUDICACION_DIRECTA__SERV._REL_CON_OBRA_PUB_2020.pdf\" data-type=\"URL\" data-id=\"https:\/\/transparencia.cabocorrientes.gob.mx\/Archivos\/articulo8\/CHECK_LIST_ADJUDICACION_DIRECTA__SERV._REL_CON_OBRA_PUB_2020.pdf\" target=\"_blank\">PDF<\/a><\/strong> \/ <strong><a href=\"https:\/\/transparencia.cabocorrientes.gob.mx\/Archivos\/articulo8\/CHECK_LIST_ADJUDICACION_DIRECTA__SERV._REL_CON_OBRA_PUB._2020.doc\" data-type=\"URL\" data-id=\"https:\/\/transparencia.cabocorrientes.gob.mx\/Archivos\/articulo8\/CHECK_LIST_ADJUDICACION_DIRECTA__SERV._REL_CON_OBRA_PUB._2020.doc\" target=\"_blank\" rel=\"noreferrer noopener\">WORD<\/a><\/strong><br>check list adjudicaci\u00f3n directa <strong><a rel=\"noreferrer noopener\" href=\"https:\/\/transparencia.cabocorrientes.gob.mx\/Archivos\/articulo8\/CHECK_LIST_ADJUDICACION_DIRECTA_2020.pdf\" data-type=\"URL\" data-id=\"https:\/\/transparencia.cabocorrientes.gob.mx\/Archivos\/articulo8\/CHECK_LIST_ADJUDICACION_DIRECTA_2020.pdf\" target=\"_blank\">PDF<\/a><\/strong> \/ <strong><a href=\"https:\/\/transparencia.cabocorrientes.gob.mx\/Archivos\/articulo8\/CHECK_LIST_ADJUDICACION_DIRECTA_2020.doc\" data-type=\"URL\" data-id=\"https:\/\/transparencia.cabocorrientes.gob.mx\/Archivos\/articulo8\/CHECK_LIST_ADJUDICACION_DIRECTA_2020.doc\" target=\"_blank\" rel=\"noreferrer noopener\">WORD<\/a><\/strong><br>check list concurso por invitaci\u00f3n <strong><a href=\"https:\/\/transparencia.cabocorrientes.gob.mx\/Archivos\/articulo8\/CHECK_LIST_CONCURSO_POR_INVITACION_2020.pdf\" data-type=\"URL\" data-id=\"https:\/\/transparencia.cabocorrientes.gob.mx\/Archivos\/articulo8\/CHECK_LIST_CONCURSO_POR_INVITACION_2020.pdf\" target=\"_blank\" rel=\"noreferrer noopener\">PDF<\/a><\/strong> \/ <strong><a href=\"https:\/\/transparencia.cabocorrientes.gob.mx\/Archivos\/articulo8\/CHECK_LIST_CONCURSO_POR_INVITACION_2020.doc\" data-type=\"URL\" data-id=\"https:\/\/transparencia.cabocorrientes.gob.mx\/Archivos\/articulo8\/CHECK_LIST_CONCURSO_POR_INVITACION_2020.doc\" target=\"_blank\" rel=\"noreferrer noopener\">WORD<\/a><\/strong><br>check list licitaci\u00f3n publica <strong><a href=\"https:\/\/transparencia.cabocorrientes.gob.mx\/Archivos\/articulo8\/CHECK_LIST_LICITACION_PUBLICA_2020.pdf\" data-type=\"URL\" data-id=\"https:\/\/transparencia.cabocorrientes.gob.mx\/Archivos\/articulo8\/CHECK_LIST_LICITACION_PUBLICA_2020.pdf\" target=\"_blank\" rel=\"noreferrer noopener\">PDF<\/a><\/strong> \/ <strong><a href=\"https:\/\/transparencia.cabocorrientes.gob.mx\/Archivos\/articulo8\/CHECK_LIST_LICITACION_PUBLICA_2020.doc\" data-type=\"URL\" data-id=\"https:\/\/transparencia.cabocorrientes.gob.mx\/Archivos\/articulo8\/CHECK_LIST_LICITACION_PUBLICA_2020.doc\" target=\"_blank\" rel=\"noreferrer noopener\">WORD<\/a><\/strong><br>check list obra directa <strong><a href=\"https:\/\/transparencia.cabocorrientes.gob.mx\/Archivos\/articulo8\/CHECK_LIST_OBRA_DIRECTA_2020.pdf\" data-type=\"URL\" data-id=\"https:\/\/transparencia.cabocorrientes.gob.mx\/Archivos\/articulo8\/CHECK_LIST_OBRA_DIRECTA_2020.pdf\" target=\"_blank\" rel=\"noreferrer noopener\">PDF<\/a><\/strong> \/ <strong><a href=\"https:\/\/transparencia.cabocorrientes.gob.mx\/Archivos\/articulo8\/CHECK_LIST_OBRA_DIRECTA_2020.doc\" data-type=\"URL\" data-id=\"https:\/\/transparencia.cabocorrientes.gob.mx\/Archivos\/articulo8\/CHECK_LIST_OBRA_DIRECTA_2020.doc\" target=\"_blank\" rel=\"noreferrer noopener\">WORD<\/a><\/strong><\/p>\n\n\n<\/div>\n<p><\/p>\n\n\n<span class=\"collapseomatic \" id=\"id69f14730f3b1f\"  tabindex=\"0\" title=\"Informaci\u00f3n a\u00f1o 2021\"    >Informaci\u00f3n a\u00f1o 2021<\/span><div id=\"target-id69f14730f3b1f\" class=\"collapseomatic_content \">\n\n\n\n<p><\/p>\n\n\n\n<p>check list adjudicaci\u00f3n directa servicio relacionado con la obra p\u00fablica <strong><a href=\"https:\/\/transparencia.cabocorrientes.gob.mx\/Archivos\/articulo8\/CHECK_LIST_ADJUDICACION_DIRECTA__SERV._REL_CON_OBRA_PUB_2021.pdf\" data-type=\"URL\" data-id=\"https:\/\/transparencia.cabocorrientes.gob.mx\/Archivos\/articulo8\/CHECK_LIST_ADJUDICACION_DIRECTA__SERV._REL_CON_OBRA_PUB_2021.pdf\" target=\"_blank\" rel=\"noreferrer noopener\">PDF<\/a><\/strong> \/ <strong><a href=\"https:\/\/transparencia.cabocorrientes.gob.mx\/Archivos\/articulo8\/CHECK_LIST_ADJUDICACION_DIRECTA__SERV._REL_CON_OBRA_PUB_2021.doc\" data-type=\"URL\" data-id=\"https:\/\/transparencia.cabocorrientes.gob.mx\/Archivos\/articulo8\/CHECK_LIST_ADJUDICACION_DIRECTA__SERV._REL_CON_OBRA_PUB_2021.doc\" target=\"_blank\" rel=\"noreferrer noopener\">WORD<\/a><\/strong><br>check list adjudicaci\u00f3n directa <strong><a href=\"https:\/\/transparencia.cabocorrientes.gob.mx\/Archivos\/articulo8\/CHECK_LIST_ADJUDICACION_DIRECTA_2021.pdf\" data-type=\"URL\" data-id=\"https:\/\/transparencia.cabocorrientes.gob.mx\/Archivos\/articulo8\/CHECK_LIST_ADJUDICACION_DIRECTA_2021.pdf\">PD<\/a><\/strong>F \/ <strong><a href=\"https:\/\/transparencia.cabocorrientes.gob.mx\/Archivos\/articulo8\/CHECK_LIST_ADJUDICACION_DIRECTA_2021.doc\" data-type=\"URL\" data-id=\"https:\/\/transparencia.cabocorrientes.gob.mx\/Archivos\/articulo8\/CHECK_LIST_ADJUDICACION_DIRECTA_2021.doc\" target=\"_blank\" rel=\"noreferrer noopener\">WORD<\/a><\/strong><br>check list concurso por invitaci\u00f3n <strong><a href=\"https:\/\/transparencia.cabocorrientes.gob.mx\/Archivos\/articulo8\/CHECK_LIST_CONCURSO_POR_INVITACION_2021.pdf\" data-type=\"URL\" data-id=\"https:\/\/transparencia.cabocorrientes.gob.mx\/Archivos\/articulo8\/CHECK_LIST_CONCURSO_POR_INVITACION_2021.pdf\" target=\"_blank\" rel=\"noreferrer noopener\">PDF<\/a><\/strong> \/ <strong><a href=\"https:\/\/transparencia.cabocorrientes.gob.mx\/Archivos\/articulo8\/CHECK_LIST_CONCURSO_POR_INVITACION_2021.doc\" data-type=\"URL\" data-id=\"https:\/\/transparencia.cabocorrientes.gob.mx\/Archivos\/articulo8\/CHECK_LIST_CONCURSO_POR_INVITACION_2021.doc\" target=\"_blank\" rel=\"noreferrer noopener\">WORD<\/a><\/strong><br>check list licitaci\u00f3n p\u00fablica <strong><a href=\"https:\/\/transparencia.cabocorrientes.gob.mx\/Archivos\/articulo8\/CHECK_LIST_LICITACION_PUBLICA_2021.pdf\" data-type=\"URL\" data-id=\"https:\/\/transparencia.cabocorrientes.gob.mx\/Archivos\/articulo8\/CHECK_LIST_LICITACION_PUBLICA_2021.pdf\" target=\"_blank\" rel=\"noreferrer noopener\">PDF<\/a><\/strong> \/ <strong><a href=\"https:\/\/transparencia.cabocorrientes.gob.mx\/Archivos\/articulo8\/CHECK_LIST_LICITACION_PUBLICA_2021.doc\" data-type=\"URL\" data-id=\"https:\/\/transparencia.cabocorrientes.gob.mx\/Archivos\/articulo8\/CHECK_LIST_LICITACION_PUBLICA_2021.doc\" target=\"_blank\" rel=\"noreferrer noopener\">WORD<\/a><\/strong><br>check list obra directa <strong><a href=\"https:\/\/transparencia.cabocorrientes.gob.mx\/Archivos\/articulo8\/CHECK_LIST_OBRA_DIRECTA_2021.pdf\" data-type=\"URL\" data-id=\"https:\/\/transparencia.cabocorrientes.gob.mx\/Archivos\/articulo8\/CHECK_LIST_OBRA_DIRECTA_2021.pdf\" target=\"_blank\" rel=\"noreferrer noopener\">PDF<\/a><\/strong> \/ <strong><a href=\"https:\/\/transparencia.cabocorrientes.gob.mx\/Archivos\/articulo8\/CHECK_LIST_OBRA_DIRECTA_2021.doc\" data-type=\"URL\" data-id=\"https:\/\/transparencia.cabocorrientes.gob.mx\/Archivos\/articulo8\/CHECK_LIST_OBRA_DIRECTA_2021.doc\" target=\"_blank\" rel=\"noreferrer noopener\">WORD<\/a><\/strong><\/p>\n<\/div>\n<p><\/p>\n\n<span class=\"collapseomatic \" id=\"id69f14730f3b5a\"  tabindex=\"0\" title=\"Obras contratadas por concurso 2022\"    >Obras contratadas por concurso 2022<\/span><div id=\"target-id69f14730f3b5a\" class=\"collapseomatic_content \">\n\nRelaci\u00f3n de Obras Contratadas por concurso 2022 <a href=\"https:\/\/transparencia.cabocorrientes.gob.mx\/Archivos\/articulo8\/Relaci\u00f3n_de_Obras_Contratadas_por_concurso_2022.xlsx\" target=\"_blank\" rel=\"noreferrer noopener\">EXCEL<\/a><\/strong><br>1.- <a href=\"https:\/\/transparencia.cabocorrientes.gob.mx\/Archivos\/articulo8\/1.-Obras_contratadas_2022.pdf\" target=\"_blank\" rel=\"noreferrer noopener\">PDF<\/a>\n<br>2.- <a href=\"https:\/\/transparencia.cabocorrientes.gob.mx\/Archivos\/articulo8\/\n2.-Obras contratadas 2022.pdf\" target=\"_blank\" rel=\"noreferrer noopener\">PDF<\/a>\n<br>3.- <a href=\"https:\/\/transparencia.cabocorrientes.gob.mx\/Archivos\/articulo8\/03_Obras_Contratadas.pdf\" target=\"_blank\" rel=\"noreferrer noopener\">PDF<\/a>\n<br>4.- <a href=\"https:\/\/transparencia.cabocorrientes.gob.mx\/Archivos\/articulo8\/04_Obras_Contratadas.pdf\" target=\"_blank\" rel=\"noreferrer noopener\">PDF<\/a>\n<\/div>\n<p><\/p>\n\n<span class=\"collapseomatic \" id=\"id69f14730f3b84\"  tabindex=\"0\" title=\"Informes obras a concurso 2023\"    >Informes obras a concurso 2023<\/span><div id=\"target-id69f14730f3b84\" class=\"collapseomatic_content \">\n<br>\nObra contratada Fococi-Programa de Gobierno 2023 <a href=\"https:\/\/transparencia.cabocorrientes.gob.mx\/Archivos\/articulo8\/Obra_contratada_Fococi-Programa_de_Gobierno_2023.xlsx\" target=\"_blank\" rel=\"noreferrer noopener\">EXCEL<\/a>\n<\/div>\n<p><\/p>\n\n<span class=\"collapseomatic \" id=\"id69f14730f3bac\"  tabindex=\"0\" title=\"Informes obras 2024\"    >Informes obras 2024<\/span><div id=\"target-id69f14730f3bac\" class=\"collapseomatic_content \">\n<br>\nInformes obras 2024 <a href=\"https:\/\/transparencia.cabocorrientes.gob.mx\/Archivos\/articulo8\/Informes_obras_2024.pdf\" target=\"_blank\" rel=\"noreferrer noopener\">PDF<\/a>\n<\/div>\n<p><\/p>\n\n<div class=\"wp-block-buttons is-horizontal is-content-justification-center is-layout-flex wp-container-core-buttons-is-layout-499968f5 wp-block-buttons-is-layout-flex\">\n\n<\/div>\n\n\n<p><\/p>\n\n","protected":false},"excerpt":{"rendered":"<p>por invitaci\u00f3n en materia de adquisiciones, obra p\u00fablica, proyectos de inversi\u00f3n y prestaci\u00f3n de servicios, de cuando menos los \u00faltimos tres a\u00f1os por invitaci\u00f3n en materia de adquisiciones, obra p\u00fablica, proyectos de inversi\u00f3n y prestaci\u00f3n de servicios, de cuando menos los \u00faltimos tres a\u00f1os<\/p>\n","protected":false},"author":1,"featured_media":0,"parent":0,"menu_order":0,"comment_status":"closed","ping_status":"closed","template":"","meta":{"_coblocks_attr":"","_coblocks_dimensions":"","_coblocks_responsive_height":"","_coblocks_accordion_ie_support":"","_regular_price":[],"currency_symbol":[],"footnotes":""},"class_list":["post-3717","page","type-page","status-publish","hentry"],"post_slider_layout_featured_media_urls":{"thumbnail":"","post_slider_layout_landscape_large":"","post_slider_layout_portrait_large":"","post_slider_layout_square_large":"","post_slider_layout_landscape":"","post_slider_layout_portrait":"","post_slider_layout_square":"","full":""},"_links":{"self":[{"href":"https:\/\/transparencia.cabocorrientes.gob.mx\/index.php?rest_route=\/wp\/v2\/pages\/3717","targetHints":{"allow":["GET"]}}],"collection":[{"href":"https:\/\/transparencia.cabocorrientes.gob.mx\/index.php?rest_route=\/wp\/v2\/pages"}],"about":[{"href":"https:\/\/transparencia.cabocorrientes.gob.mx\/index.php?rest_route=\/wp\/v2\/types\/page"}],"author":[{"embeddable":true,"href":"https:\/\/transparencia.cabocorrientes.gob.mx\/index.php?rest_route=\/wp\/v2\/users\/1"}],"replies":[{"embeddable":true,"href":"https:\/\/transparencia.cabocorrientes.gob.mx\/index.php?rest_route=%2Fwp%2Fv2%2Fcomments&post=3717"}],"version-history":[{"count":40,"href":"https:\/\/transparencia.cabocorrientes.gob.mx\/index.php?rest_route=\/wp\/v2\/pages\/3717\/revisions"}],"predecessor-version":[{"id":14036,"href":"https:\/\/transparencia.cabocorrientes.gob.mx\/index.php?rest_route=\/wp\/v2\/pages\/3717\/revisions\/14036"}],"wp:attachment":[{"href":"https:\/\/transparencia.cabocorrientes.gob.mx\/index.php?rest_route=%2Fwp%2Fv2%2Fmedia&parent=3717"}],"curies":[{"name":"wp","href":"https:\/\/api.w.org\/{rel}","templated":true}]}}