{"id":256,"date":"2021-08-03T19:01:15","date_gmt":"2021-08-03T19:01:15","guid":{"rendered":"https:\/\/transparencia.cabocorrientes.gob.mx\/?page_id=256"},"modified":"2026-01-29T17:00:14","modified_gmt":"2026-01-29T17:00:14","slug":"las-nominas-completas-del-sujeto-obligado-en-las-que-se-incluya-las-gratificaciones-primas-comisiones-dietas-y-estimulos-de-cuando-menos-los-ultimos-tres-anos","status":"publish","type":"page","link":"https:\/\/transparencia.cabocorrientes.gob.mx\/?page_id=256","title":{"rendered":"Las n\u00f3minas completas del sujeto obligado"},"content":{"rendered":"<!-- \n\n<p><strong>en las que se incluya las gratificaciones, primas, comisiones, dietas y est\u00edmulos, de cuando menos los \u00faltimos tres a\u00f1os.<\/strong><\/p>\n\n\n\n<p><\/p>\n\n\n\n<p>Dentro de las percepciones quincenales pagadas a los servidores p\u00fablicos de este Ayuntamiento, se hace del conocimiento que:<\/p>\n\n\n\n<p>1.- En las n\u00f3minas publicadas de cada quincena, cuando el empleado est\u00e1 de permiso, se especifica con la leyenda \u201cPLAZA CON PERMISO TEMPORAL\u201d en ella.<br>2.- Las gratificaciones percibidas por puesto, no se publican por n\u00f3mina como tal, sin embargo, en el apartado del Articulo #8, Fracci\u00f3n V, Inciso F, se publican las remuneraciones mensuales por puesto, incluidas todas la prestaciones, est\u00edmulos o compensaciones.<br>3.- Con fundamento legal en el Reglamento Interior del H. Ayuntamiento de Cabo Corrientes, Jalisco., en el Cap\u00edtulo IV, VACACIONES Y LICENCIAS, en el art\u00edculo 33, se\u00f1ala 2 periodos vacacionales de 10 d\u00edas laborales cada uno. Por tanto, se reflejan en Semana Santa y en diciembre, que son los meses en los que se hace el pago de Prima Vacacional. Cabe destacar que en esos dos periodos son en los que se realiza el pago, sin embargo, existen departamentos operativos que programa los periodos vacacionales de acuerdo a sus necesidades.<br>4.- El pago del est\u00edmulo del d\u00eda del servidor p\u00fablico se ve reflejado en la segunda quincena de septiembre, siempre y cuando, es aprobado por cabildo.<br>5.- El pago del aguinaldo se realiza en dos per\u00edodos, antes de vacaciones de semana santa y en la primera quincena de diciembre.<br>6.- Para las comisiones percibidas por puesto, este Ayuntamiento s\u00f3lo otorga vi\u00e1ticos, los cuales se publican en el art\u00edculo 8, fracci\u00f3n V, inciso s) como gastos de representaci\u00f3n, vi\u00e1ticos y viajes oficiales, su costo, itinerario, agenda y resultados.<br>7.- El sujeto obligado, hace desglose de las dietas en los \u201cEstados de Actividades\u201d, publicados en el Art\u00edculo #8, Fracci\u00f3n V, Inciso N, donde se publica la Cuenta P\u00fablica. Cabe aclarar que los \u00fanicos que perciben dietas son el S\u00edndico Municipal y los Regidores.<br>Cuenta 50000 GASTOS Y OTRAS PERDIDAS: 51110 Remuneraciones al personal de car\u00e1cter permanente &lt;51110-1 Dietas&gt;.<\/p>\n\n\n\n<div class=\"wp-block-columns is-layout-flex wp-container-core-columns-is-layout-9d6595d7 wp-block-columns-is-layout-flex\">\n<div class=\"wp-block-column is-layout-flow wp-block-column-is-layout-flow\" style=\"flex-basis:100%\">\n<div class=\"wp-block-group\"><div class=\"wp-block-group__inner-container is-layout-flow wp-block-group-is-layout-flow\"><\/div><\/div>\n<\/div>\n<\/div>\n\n\n<p><\/p>\n\n\n[expand title=\"Nominas A\u00f1o 2014\"]\n\n\n<p><strong><a href=\"https:\/\/transparencia.cabocorrientes.gob.mx\/?page_id=8316\">Nominas Ayuntamiento<\/a><\/strong><\/p>\n[\/expand]\n<p><\/p>\n\n\n[expand title=\"Nominas A\u00f1o 2015\"]\n\n\n<p><strong><a href=\"https:\/\/transparencia.cabocorrientes.gob.mx\/?page_id=8196\">Nominas Ayuntamiento<\/a><\/strong><\/p>\n[\/expand]\n<p><\/p>\n\n\n[expand title=\"Nominas A\u00f1o 2016\"]\n\n\n<p><a href=\"https:\/\/transparencia.cabocorrientes.gob.mx\/?page_id=8034\"><strong>Nominas Ayuntamiento<\/strong><\/a><\/p>\n[\/expand]\n<p><\/p>\n\n\n[expand title=\"Nominas A\u00f1o 2017\"]\n\n\n<p><a href=\"https:\/\/transparencia.cabocorrientes.gob.mx\/?page_id=7845\"><strong>Nominas Ayuntamiento<\/strong><\/a><\/p>\n[\/expand]\n<p><\/p>\n\n\n[expand title=\"Nominas A\u00f1o 2018\"]\n\n\n<p><a href=\"https:\/\/transparencia.cabocorrientes.gob.mx\/?page_id=7681\"><strong>Nominas Ayuntamiento<\/strong><\/a><\/p>\n[\/expand]\n<p><\/p>\n\n\n[expand title=\"Nominas A\u00f1o 2019\"]\n\n\n<p><strong><a href=\"https:\/\/transparencia.cabocorrientes.gob.mx\/?page_id=2099\">Nominas Ayuntamiento<\/a><\/strong><\/p>\n[\/expand]\n<p><\/p>\n -->\n\n<span class=\"collapseomatic \" id=\"id69f146ef1136b\"  tabindex=\"0\" title=\"Nominas A\u00f1o 2020\"    >Nominas A\u00f1o 2020<\/span><div id=\"target-id69f146ef1136b\" class=\"collapseomatic_content \">\n\n\n<p><strong><a href=\"https:\/\/transparencia.cabocorrientes.gob.mx\/?page_id=2103\">Nominas Ayuntamiento<\/a><\/strong><\/p>\n<\/div>\n<p><\/p>\n\n\n<span class=\"collapseomatic \" id=\"id69f146ef113bd\"  tabindex=\"0\" title=\"Nominas A\u00f1o 2021\"    >Nominas A\u00f1o 2021<\/span><div id=\"target-id69f146ef113bd\" class=\"collapseomatic_content \">\n\n\n<p><strong><a href=\"https:\/\/transparencia.cabocorrientes.gob.mx\/?page_id=2225\">Nominas Ayuntamiento<\/a><\/strong><\/p>\n<\/div>\n<p><\/p>\n\n\n<span class=\"collapseomatic \" id=\"id69f146ef113e8\"  tabindex=\"0\" title=\"Nominas A\u00f1o 2022\"    >Nominas A\u00f1o 2022<\/span><div id=\"target-id69f146ef113e8\" class=\"collapseomatic_content \">\n\n\n<p><strong><a href=\"https:\/\/transparencia.cabocorrientes.gob.mx\/?page_id=2228\">Nominas Ayuntamiento<\/a><\/strong><\/p>\n<\/div>\n<p><\/p>\n\n\n<span class=\"collapseomatic \" id=\"id69f146ef11414\"  tabindex=\"0\" title=\"Nominas A\u00f1o 2023\"    >Nominas A\u00f1o 2023<\/span><div id=\"target-id69f146ef11414\" class=\"collapseomatic_content \">\n\n\n\n<p><a href=\"https:\/\/transparencia.cabocorrientes.gob.mx\/?page_id=5519\"><strong>Nominas Ayuntamiento<\/strong><\/a><\/p>\n\n\n<\/div>\n<p><\/p>\n\n<span class=\"collapseomatic \" id=\"id69f146ef11432\"  tabindex=\"0\" title=\"Nominas A\u00f1o 2024\"    >Nominas A\u00f1o 2024<\/span><div id=\"target-id69f146ef11432\" class=\"collapseomatic_content \">\n\n\n\n<p><a href=\"https:\/\/transparencia.cabocorrientes.gob.mx\/?page_id=12261\"><strong>Nominas Ayuntamiento<\/strong><\/a><\/p>\n\n\n<\/div>\n<p><\/p>\n\n<span class=\"collapseomatic \" id=\"id69f146ef11450\"  tabindex=\"0\" title=\"Nominas A\u00f1o 2025\"    >Nominas A\u00f1o 2025<\/span><div id=\"target-id69f146ef11450\" class=\"collapseomatic_content \">\n\n\n\n<p><a href=\"https:\/\/transparencia.cabocorrientes.gob.mx\/?page_id=13208\"><strong>Nominas Ayuntamiento<\/strong><\/a><\/p>\n\n\n<\/div>\n<p><\/p>\n\n<span class=\"collapseomatic \" id=\"id69f146ef1146c\"  tabindex=\"0\" title=\"Nominas A\u00f1o 2026\"    >Nominas A\u00f1o 2026<\/span><div id=\"target-id69f146ef1146c\" class=\"collapseomatic_content \">\n\n\n\n<p><a href=\"https:\/\/transparencia.cabocorrientes.gob.mx\/?page_id=14783\"><strong>Nominas Ayuntamiento<\/strong><\/a><\/p>\n\n\n<\/div>\n<p><\/p>\n\n\n<p><\/p>\n\n\n\n<p><\/p>\n\n\n\n<div class=\"wp-block-buttons is-horizontal is-content-justification-center is-layout-flex wp-container-core-buttons-is-layout-499968f5 wp-block-buttons-is-layout-flex\"><\/div>\n\n\n\n<p><\/p>\n\n\n\n<p><\/p>\n","protected":false},"excerpt":{"rendered":"<p>&#8211;> &#8211;> &#8211;> &#8211;> &#8211;> &#8211;> &#8211;> &#8211;> &#8211;> &#8211;> &#8211;> &#8211;> &#8211;> &#8211;> &#8211;> &#8211;> &#8211;> &#8211;> &#8211;> &#8211;> &#8211;> &#8211;> &#8211;> &#8211;> &#8211;> &#8211;> &#8211;> &#8211;> &#8211;> &#8211;> &#8211;> &#8211;> &#8211;> &#8211;> &#8211;> &#8211;> &#8211;> &#8211;> &#8211;> &#8211;> &#8211;> &#8211;> &#8211;> &#8211;> &#8211;> &#8211;> &#8211;> &#8211;> &#8211;> &#8211;> &#8211;> &#8211;> &#8211;> &#8211;> &#8211;> &hellip; <\/p>\n<p class=\"link-more\"><a href=\"https:\/\/transparencia.cabocorrientes.gob.mx\/?page_id=256\" class=\"more-link\">Continue reading<span class=\"screen-reader-text\"> \u00abLas n\u00f3minas completas del sujeto obligado\u00bb<\/span><\/a><\/p>\n","protected":false},"author":1,"featured_media":0,"parent":0,"menu_order":0,"comment_status":"closed","ping_status":"closed","template":"","meta":{"_coblocks_attr":"","_coblocks_dimensions":"","_coblocks_responsive_height":"","_coblocks_accordion_ie_support":"","_regular_price":[],"currency_symbol":[],"footnotes":""},"class_list":["post-256","page","type-page","status-publish","hentry"],"post_slider_layout_featured_media_urls":{"thumbnail":"","post_slider_layout_landscape_large":"","post_slider_layout_portrait_large":"","post_slider_layout_square_large":"","post_slider_layout_landscape":"","post_slider_layout_portrait":"","post_slider_layout_square":"","full":""},"_links":{"self":[{"href":"https:\/\/transparencia.cabocorrientes.gob.mx\/index.php?rest_route=\/wp\/v2\/pages\/256","targetHints":{"allow":["GET"]}}],"collection":[{"href":"https:\/\/transparencia.cabocorrientes.gob.mx\/index.php?rest_route=\/wp\/v2\/pages"}],"about":[{"href":"https:\/\/transparencia.cabocorrientes.gob.mx\/index.php?rest_route=\/wp\/v2\/types\/page"}],"author":[{"embeddable":true,"href":"https:\/\/transparencia.cabocorrientes.gob.mx\/index.php?rest_route=\/wp\/v2\/users\/1"}],"replies":[{"embeddable":true,"href":"https:\/\/transparencia.cabocorrientes.gob.mx\/index.php?rest_route=%2Fwp%2Fv2%2Fcomments&post=256"}],"version-history":[{"count":61,"href":"https:\/\/transparencia.cabocorrientes.gob.mx\/index.php?rest_route=\/wp\/v2\/pages\/256\/revisions"}],"predecessor-version":[{"id":14796,"href":"https:\/\/transparencia.cabocorrientes.gob.mx\/index.php?rest_route=\/wp\/v2\/pages\/256\/revisions\/14796"}],"wp:attachment":[{"href":"https:\/\/transparencia.cabocorrientes.gob.mx\/index.php?rest_route=%2Fwp%2Fv2%2Fmedia&parent=256"}],"curies":[{"name":"wp","href":"https:\/\/api.w.org\/{rel}","templated":true}]}}

Las nóminas completas del sujeto obligado

<!-- 

<p><strong>en las que se incluya las gratificaciones, primas, comisiones, dietas y estímulos, de cuando menos los últimos tres años.</strong></p>



<p></p>



<p>Dentro de las percepciones quincenales pagadas a los servidores públicos de este Ayuntamiento, se hace del conocimiento que:</p>



<p>1.- En las nóminas publicadas de cada quincena, cuando el empleado está de permiso, se especifica con la leyenda “PLAZA CON PERMISO TEMPORAL” en ella.<br>2.- Las gratificaciones percibidas por puesto, no se publican por nómina como tal, sin embargo, en el apartado del Articulo #8, Fracción V, Inciso F, se publican las remuneraciones mensuales por puesto, incluidas todas la prestaciones, estímulos o compensaciones.<br>3.- Con fundamento legal en el Reglamento Interior del H. Ayuntamiento de Cabo Corrientes, Jalisco., en el Capítulo IV, VACACIONES Y LICENCIAS, en el artículo 33, señala 2 periodos vacacionales de 10 días laborales cada uno. Por tanto, se reflejan en Semana Santa y en diciembre, que son los meses en los que se hace el pago de Prima Vacacional. Cabe destacar que en esos dos periodos son en los que se realiza el pago, sin embargo, existen departamentos operativos que programa los periodos vacacionales de acuerdo a sus necesidades.<br>4.- El pago del estímulo del día del servidor público se ve reflejado en la segunda quincena de septiembre, siempre y cuando, es aprobado por cabildo.<br>5.- El pago del aguinaldo se realiza en dos períodos, antes de vacaciones de semana santa y en la primera quincena de diciembre.<br>6.- Para las comisiones percibidas por puesto, este Ayuntamiento sólo otorga viáticos, los cuales se publican en el artículo 8, fracción V, inciso s) como gastos de representación, viáticos y viajes oficiales, su costo, itinerario, agenda y resultados.<br>7.- El sujeto obligado, hace desglose de las dietas en los “Estados de Actividades”, publicados en el Artículo #8, Fracción V, Inciso N, donde se publica la Cuenta Pública. Cabe aclarar que los únicos que perciben dietas son el Síndico Municipal y los Regidores.<br>Cuenta 50000 GASTOS Y OTRAS PERDIDAS: 51110 Remuneraciones al personal de carácter permanente &lt;51110-1 Dietas&gt;.</p>



<div class="wp-block-columns is-layout-flex wp-container-core-columns-is-layout-9d6595d7 wp-block-columns-is-layout-flex">
<div class="wp-block-column is-layout-flow wp-block-column-is-layout-flow" style="flex-basis:100%">
<div class="wp-block-group"><div class="wp-block-group__inner-container is-layout-flow wp-block-group-is-layout-flow"></div></div>
</div>
</div>


<p></p>


[expand title="Nominas Año 2014"]


<p><strong><a href="https://transparencia.cabocorrientes.gob.mx/?page_id=8316">Nominas Ayuntamiento</a></strong></p>
[/expand]
<p></p>


[expand title="Nominas Año 2015"]


<p><strong><a href="https://transparencia.cabocorrientes.gob.mx/?page_id=8196">Nominas Ayuntamiento</a></strong></p>
[/expand]
<p></p>


[expand title="Nominas Año 2016"]


<p><a href="https://transparencia.cabocorrientes.gob.mx/?page_id=8034"><strong>Nominas Ayuntamiento</strong></a></p>
[/expand]
<p></p>


[expand title="Nominas Año 2017"]


<p><a href="https://transparencia.cabocorrientes.gob.mx/?page_id=7845"><strong>Nominas Ayuntamiento</strong></a></p>
[/expand]
<p></p>


[expand title="Nominas Año 2018"]


<p><a href="https://transparencia.cabocorrientes.gob.mx/?page_id=7681"><strong>Nominas Ayuntamiento</strong></a></p>
[/expand]
<p></p>


[expand title="Nominas Año 2019"]


<p><strong><a href="https://transparencia.cabocorrientes.gob.mx/?page_id=2099">Nominas Ayuntamiento</a></strong></p>
[/expand]
<p></p>
 -->

<span class="collapseomatic " id="id69f146ef1136b"  tabindex="0" title="Nominas Año 2020"    >Nominas Año 2020</span><div id="target-id69f146ef1136b" class="collapseomatic_content ">


<p><strong><a href="https://transparencia.cabocorrientes.gob.mx/?page_id=2103">Nominas Ayuntamiento</a></strong></p>
</div>
<p></p>


<span class="collapseomatic " id="id69f146ef113bd"  tabindex="0" title="Nominas Año 2021"    >Nominas Año 2021</span><div id="target-id69f146ef113bd" class="collapseomatic_content ">


<p><strong><a href="https://transparencia.cabocorrientes.gob.mx/?page_id=2225">Nominas Ayuntamiento</a></strong></p>
</div>
<p></p>


<span class="collapseomatic " id="id69f146ef113e8"  tabindex="0" title="Nominas Año 2022"    >Nominas Año 2022</span><div id="target-id69f146ef113e8" class="collapseomatic_content ">


<p><strong><a href="https://transparencia.cabocorrientes.gob.mx/?page_id=2228">Nominas Ayuntamiento</a></strong></p>
</div>
<p></p>


<span class="collapseomatic " id="id69f146ef11414"  tabindex="0" title="Nominas Año 2023"    >Nominas Año 2023</span><div id="target-id69f146ef11414" class="collapseomatic_content ">



<p><a href="https://transparencia.cabocorrientes.gob.mx/?page_id=5519"><strong>Nominas Ayuntamiento</strong></a></p>


</div>
<p></p>

<span class="collapseomatic " id="id69f146ef11432"  tabindex="0" title="Nominas Año 2024"    >Nominas Año 2024</span><div id="target-id69f146ef11432" class="collapseomatic_content ">



<p><a href="https://transparencia.cabocorrientes.gob.mx/?page_id=12261"><strong>Nominas Ayuntamiento</strong></a></p>


</div>
<p></p>

<span class="collapseomatic " id="id69f146ef11450"  tabindex="0" title="Nominas Año 2025"    >Nominas Año 2025</span><div id="target-id69f146ef11450" class="collapseomatic_content ">



<p><a href="https://transparencia.cabocorrientes.gob.mx/?page_id=13208"><strong>Nominas Ayuntamiento</strong></a></p>


</div>
<p></p>

<span class="collapseomatic " id="id69f146ef1146c"  tabindex="0" title="Nominas Año 2026"    >Nominas Año 2026</span><div id="target-id69f146ef1146c" class="collapseomatic_content ">



<p><a href="https://transparencia.cabocorrientes.gob.mx/?page_id=14783"><strong>Nominas Ayuntamiento</strong></a></p>


</div>
<p></p>


<p></p>



<p></p>



<div class="wp-block-buttons is-horizontal is-content-justification-center is-layout-flex wp-container-core-buttons-is-layout-499968f5 wp-block-buttons-is-layout-flex"></div>



<p></p>



<p></p>

<p>&#8211;> &#8211;> &#8211;> &#8211;> &#8211;> &#8211;> &#8211;> &#8211;> &#8211;> &#8211;> &#8211;> &#8211;> &#8211;> &#8211;> &#8211;> &#8211;> &#8211;> &#8211;> &#8211;> &#8211;> &#8211;> &#8211;> &#8211;> &#8211;> &#8211;> &#8211;> &#8211;> &#8211;> &#8211;> &#8211;> &#8211;> &#8211;> &#8211;> &#8211;> &#8211;> &#8211;> &#8211;> &#8211;> &#8211;> &#8211;> &#8211;> &#8211;> &#8211;> &#8211;> &#8211;> &#8211;> &#8211;> &#8211;> &#8211;> &#8211;> &#8211;> &#8211;> &#8211;> &#8211;> &#8211;> &hellip; </p>
<p class="link-more"><a href="https://transparencia.cabocorrientes.gob.mx/?page_id=256" class="more-link">Continue reading<span class="screen-reader-text"> «Las nóminas completas del sujeto obligado»</span></a></p>
