{"id":1941,"date":"2022-04-27T14:48:01","date_gmt":"2022-04-27T14:48:01","guid":{"rendered":"https:\/\/transparencia.cabocorrientes.gob.mx\/?page_id=1941"},"modified":"2025-05-19T16:42:39","modified_gmt":"2025-05-19T16:42:39","slug":"las-convocatorias-a-concursos-para-ocupar-cargos-publicos-y-los-resultados-de-los-mismos","status":"publish","type":"page","link":"https:\/\/transparencia.cabocorrientes.gob.mx\/?page_id=1941","title":{"rendered":"Las convocatorias a concursos"},"content":{"rendered":"\n<p><strong>para ocupar cargos p\u00fablicos y los resultados de los mismos<\/strong><\/p>\n\n\n\n<div class=\"wp-block-columns is-layout-flex wp-container-core-columns-is-layout-9d6595d7 wp-block-columns-is-layout-flex\">\n<div class=\"wp-block-column is-layout-flow wp-block-column-is-layout-flow\"><\/div>\n<\/div>\n\n\n\n<p><strong>\u00abEl Ayuntamiento Constitucional de Cabo Corrientes, Jalisco, tiene registro que los procedimientos para la selecci\u00f3n,<\/strong> <strong>contrataci\u00f3n y despido de los funcionarios p\u00fablicos de base, de confianza y por honorarios, sigue la misma l\u00f3gica de contrataci\u00f3n estipulada en los oficios que a continuaci\u00f3n se publican\u00bb.<\/strong><\/p>\n\n\n\n<h6 class=\"wp-block-heading\">Convocatoria de concursos<\/h6>\n\n\n\n<p>Informes sobre convocatorias a concurso 2019 <strong><a rel=\"noreferrer noopener\" href=\"https:\/\/transparencia.cabocorrientes.gob.mx\/Archivos\/articulo8\/Oficio_informe_de_convocatorias_a_puestos__junio_2019.pdf\" target=\"_blank\">PDF<\/a><\/strong> \/ <strong><a rel=\"noreferrer noopener\" href=\"https:\/\/transparencia.cabocorrientes.gob.mx\/Archivos\/articulo8\/00391_CONVOCATORIAS_DE_CONTRATACION_JUNIO_2019.docx\" data-type=\"URL\" data-id=\"https:\/\/transparencia.cabocorrientes.gob.mx\/Archivos\/articulo8\/00391_CONVOCATORIAS_DE_CONTRATACION_JUNIO_2019.docx\" target=\"_blank\">WORD<\/a><\/strong><br>Informes sobre sindicatos 2019 <strong><a rel=\"noreferrer noopener\" href=\"https:\/\/transparencia.cabocorrientes.gob.mx\/Archivos\/articulo8\/Informes_de_sindicato.pdf\" data-type=\"URL\" data-id=\"https:\/\/transparencia.cabocorrientes.gob.mx\/Archivos\/articulo8\/Informes_de_sindicato.pdf\" target=\"_blank\">PDF<\/a><\/strong> \/ <strong><a rel=\"noreferrer noopener\" href=\"https:\/\/transparencia.cabocorrientes.gob.mx\/Archivos\/articulo8\/0390_TRANSPARENCIA_SINDICATO.docx\" target=\"_blank\">WORD<\/a><\/strong><br>Procedimientos de selecci\u00f3n de contrataci\u00f3n 2019 <strong><a rel=\"noreferrer noopener\" href=\"https:\/\/transparencia.cabocorrientes.gob.mx\/Archivos\/articulo8\/0285_TRANSPARENCIA_PROCEDIMIENTO_DE_SELECCION_DE_CONTRATACION.pdf\" data-type=\"URL\" data-id=\"https:\/\/transparencia.cabocorrientes.gob.mx\/Archivos\/articulo8\/0285_TRANSPARENCIA_PROCEDIMIENTO_DE_SELECCION_DE_CONTRATACION.pdf\" target=\"_blank\">PDF<\/a><\/strong> \/ <strong><a rel=\"noreferrer noopener\" href=\"https:\/\/transparencia.cabocorrientes.gob.mx\/Archivos\/articulo8\/0285_TRANSPARECIA_PROCEDIMIENTO_DE_SELECCION_DE_CONTRATACION.docx\" target=\"_blank\">WORD<\/a><\/strong><br>Procedimientos de Terminaci\u00f3n Laboral 2019 <strong><a rel=\"noreferrer noopener\" href=\"https:\/\/transparencia.cabocorrientes.gob.mx\/Archivos\/articulo8\/0286_TRANSPARENCIA_POR_LA_TERMINACION_DE_RELACION_LABORAL.pdf\" data-type=\"URL\" data-id=\"https:\/\/transparencia.cabocorrientes.gob.mx\/Archivos\/articulo8\/0286_TRANSPARENCIA_POR_LA_TERMINACION_DE_RELACION_LABORAL.pdf\" target=\"_blank\">PDF<\/a><\/strong> \/ <strong><a rel=\"noreferrer noopener\" href=\"https:\/\/transparencia.cabocorrientes.gob.mx\/Archivos\/articulo8\/0286_TRANSPARENCIA_POR_LA_TERMINACION_LABORAL.docx\" target=\"_blank\">WORD<\/a><\/strong><br><\/p>\n\n\n\n<h6 class=\"wp-block-heading\">Convocatoria 2020<\/h6>\n\n\n\n<p>Oficio de Contrataci\u00f3n 2020  <strong><a rel=\"noreferrer noopener\" href=\"https:\/\/transparencia.cabocorrientes.gob.mx\/Archivos\/articulo8\/OFICIO_DE_CONTRATACION_PERSONAL__202020210809_13135224.pdf\" data-type=\"URL\" data-id=\"https:\/\/transparencia.cabocorrientes.gob.mx\/Archivos\/articulo8\/OFICIO_DE_CONTRATACION_PERSONAL__202020210809_13135224.pdf\" target=\"_blank\">PDF<\/a><\/strong> \/ <strong><a rel=\"noreferrer noopener\" href=\"https:\/\/transparencia.cabocorrientes.gob.mx\/Archivos\/articulo8\/OFICIO_DE_CONTRATACION_2020.docx\" data-type=\"URL\" data-id=\"https:\/\/transparencia.cabocorrientes.gob.mx\/Archivos\/articulo8\/OFICIO_DE_CONTRATACION_2020.docx\" target=\"_blank\">WORD<\/a><\/strong> <br>Oficio de Convocatorias 2020 <strong><a rel=\"noreferrer noopener\" href=\"https:\/\/transparencia.cabocorrientes.gob.mx\/Archivos\/articulo8\/OFICIO_DE_CONVOCATORIAS_PARA_SERV_PUBLICOS__202020210809_13125387.pdf\" data-type=\"URL\" data-id=\"https:\/\/transparencia.cabocorrientes.gob.mx\/Archivos\/articulo8\/OFICIO_DE_CONVOCATORIAS_PARA_SERV_PUBLICOS__202020210809_13125387.pdf\" target=\"_blank\">PDF<\/a><\/strong> \/ <strong><a rel=\"noreferrer noopener\" href=\"https:\/\/transparencia.cabocorrientes.gob.mx\/Archivos\/articulo8\/OFICIO_CONVOCATORIAS_2020.docx\" data-type=\"URL\" data-id=\"https:\/\/transparencia.cabocorrientes.gob.mx\/Archivos\/articulo8\/OFICIO_CONVOCATORIAS_2020.docx\" target=\"_blank\">WORD<\/a><\/strong><br>Oficio de terminaci\u00f3n laboral <strong><a rel=\"noreferrer noopener\" href=\"https:\/\/transparencia.cabocorrientes.gob.mx\/Archivos\/articulo8\/OFICIO_DE_TERMINACION_LABORAL_202020210809_13114813.pdf\" data-type=\"URL\" data-id=\"https:\/\/transparencia.cabocorrientes.gob.mx\/Archivos\/articulo8\/OFICIO_DE_TERMINACION_LABORAL_202020210809_13114813.pdf\" target=\"_blank\">PDF<\/a><\/strong> \/ <strong><a rel=\"noreferrer noopener\" href=\"https:\/\/transparencia.cabocorrientes.gob.mx\/Archivos\/articulo8\/OFICIO_TERMINACION_LABORAL_2020.docx\" data-type=\"URL\" data-id=\"https:\/\/transparencia.cabocorrientes.gob.mx\/Archivos\/articulo8\/OFICIO_TERMINACION_LABORAL_2020.docx\" target=\"_blank\">WORD<\/a><\/strong><br><\/p>\n\n\n\n<h6 class=\"wp-block-heading\">Convocatoria 2021 <\/h6>\n\n\n\n<p>Enero a Septiembre<\/p>\n\n\n\n<p>Convocatorias de Contrataci\u00f3n  <strong><a href=\"https:\/\/transparencia.cabocorrientes.gob.mx\/Archivos\/articulo8\/CONVOCATORIAS_DE_CONTRATACION.pdf\" data-type=\"URL\" data-id=\"https:\/\/transparencia.cabocorrientes.gob.mx\/Archivos\/articulo8\/CONVOCATORIAS_DE_CONTRATACION.pdf\" target=\"_blank\" rel=\"noreferrer noopener\">PDF<\/a><\/strong> \/ <strong><a href=\"https:\/\/transparencia.cabocorrientes.gob.mx\/Archivos\/articulo8\/CONVOCATORIAS_DE_CONTRATACION.docx\" data-type=\"URL\" data-id=\"https:\/\/transparencia.cabocorrientes.gob.mx\/Archivos\/articulo8\/CONVOCATORIAS_DE_CONTRATACION.docx\" target=\"_blank\" rel=\"noreferrer noopener\">WORD<\/a><\/strong>  <br>Procedimiento de selecci\u00f3n de contrataci\u00f3n  <strong><a href=\"https:\/\/transparencia.cabocorrientes.gob.mx\/Archivos\/articulo8\/PROCEDIMIENTO_DE_SELECCION_DE_CONTRATACION.pdf\" data-type=\"URL\" data-id=\"https:\/\/transparencia.cabocorrientes.gob.mx\/Archivos\/articulo8\/PROCEDIMIENTO_DE_SELECCION_DE_CONTRATACION.pdf\" target=\"_blank\" rel=\"noreferrer noopener\">PDF<\/a><\/strong> \/ <strong><a href=\"https:\/\/transparencia.cabocorrientes.gob.mx\/Archivos\/articulo8\/PROCEDIMIENTO_DE_SELECCION_DE_CONTRATACION.docx\" data-type=\"URL\" data-id=\"https:\/\/transparencia.cabocorrientes.gob.mx\/Archivos\/articulo8\/PROCEDIMIENTO_DE_SELECCION_DE_CONTRATACION.docx\" target=\"_blank\" rel=\"noreferrer noopener\">WORD<\/a><\/strong>  <br>Terminaci\u00f3n de relacion laboral  <strong><a href=\"https:\/\/transparencia.cabocorrientes.gob.mx\/Archivos\/articulo8\/TERMINACION_DE_RELACION_LABORAL.pdf\" data-type=\"URL\" data-id=\"https:\/\/transparencia.cabocorrientes.gob.mx\/Archivos\/articulo8\/TERMINACION_DE_RELACION_LABORAL.pdf\" target=\"_blank\" rel=\"noreferrer noopener\">PDF<\/a><\/strong> \/ <strong><a href=\"https:\/\/transparencia.cabocorrientes.gob.mx\/Archivos\/articulo8\/TERMINACION_DE_RELACION_LABORAL.docx\" data-type=\"URL\" data-id=\"https:\/\/transparencia.cabocorrientes.gob.mx\/Archivos\/articulo8\/TERMINACION_DE_RELACION_LABORAL.docx\" target=\"_blank\" rel=\"noreferrer noopener\">WORD<\/a><\/strong>  <\/p>\n\n\n\n<h6 class=\"wp-block-heading\">Convocatoria 2021<\/h6>\n\n\n\n<p>Octubre a Diciembre<\/p>\n\n\n\n<p>Convocatoria Juez Municipal Octubre 2021 <strong><a href=\"https:\/\/transparencia.cabocorrientes.gob.mx\/Archivos\/articulo8\/Convocatoria_Juez_Municipal_Octubre_2021.docx\" data-type=\"URL\" data-id=\"https:\/\/transparencia.cabocorrientes.gob.mx\/Archivos\/articulo8\/Convocatoria_Juez_Municipal_Octubre_2021.docx\" target=\"_blank\" rel=\"noreferrer noopener\">WORD<\/a><\/strong><br>Resultados convocatoria Juez Noviembre 2021 <strong><a href=\"https:\/\/transparencia.cabocorrientes.gob.mx\/Archivos\/articulo8\/Resultados_convocatoria_Juez_Noviembre_2021.pdf\" data-type=\"URL\" data-id=\"https:\/\/transparencia.cabocorrientes.gob.mx\/Archivos\/articulo8\/Resultados_convocatoria_Juez_Noviembre_2021.pdf\" target=\"_blank\" rel=\"noreferrer noopener\">PDF<\/a><\/strong><\/p>\n\n\n<\/p>\n\n\n<p><h6>Convocatoria 2022<\/h6><\/p>\n\n\n<p>Informes Procedimientos de selecci\u00f3n de contrataci\u00f3n 2022 <strong><a href=\"https:\/\/transparencia.cabocorrientes.gob.mx\/Archivos\/articulo8\/Informes_Procedimientos_de_selecci\u00f3n_de_contrataci\u00f3n_2022.docx\" target=\"_blank\" rel=\"noreferrer noopener\">WORD<\/a> \/\u00a0<a href=\"https:\/\/transparencia.cabocorrientes.gob.mx\/Archivos\/articulo8\/Informes_Procedimientos_de_selecci\u00f3n_de_contrataci\u00f3n_2022.pdf\" target=\"_blank\" rel=\"noreferrer noopener\">PDF<\/a>\u00a0 <\/strong><br \/>Informes Procedimientos de Terminaci\u00f3n Laboral 2022 <strong><a href=\"https:\/\/transparencia.cabocorrientes.gob.mx\/Archivos\/articulo8\/Informes_Procedimientos_de_Terminaci\u00f3n_Laboral_2022.docx\" target=\"_blank\" rel=\"noreferrer noopener\">WORD<\/a> \/\u00a0<a href=\"https:\/\/transparencia.cabocorrientes.gob.mx\/Archivos\/articulo8\/Informes_Procedimientos_de_Terminaci\u00f3n_Laboral_2022.pdf\" target=\"_blank\" rel=\"noreferrer noopener\">PDF<\/a>\u00a0<\/strong><br \/>Informes sobre convocatorias de contrataci\u00f3n a concurso 2022 <strong><a href=\"https:\/\/transparencia.cabocorrientes.gob.mx\/Archivos\/articulo8\/Informes_sobre_convocatorias_de_contrataci\u00f3n_a_concurso_2022.docx\" target=\"_blank\" rel=\"noreferrer noopener\">WORD<\/a><\/strong> <strong> \/<\/strong>\u00a0<strong><a href=\"https:\/\/transparencia.cabocorrientes.gob.mx\/Archivos\/articulo8\/Informes_sobre_convocatorias_de_contrataci\u00f3n_a_concurso_2022.pdf\" target=\"_blank\" rel=\"noreferrer noopener\">PDF<\/a><\/strong> \u00a0\u00a0<\/p>\n<p><strong>Convocatorias 2023<\/strong><\/p>\n<p>Informes Procedimientos de selecci\u00f3n de contrataci\u00f3n Enero-Agosto 2023 <strong><a href=\"https:\/\/transparencia.cabocorrientes.gob.mx\/Archivos\/articulo8\/Informes_Procedimientos_de_selecci\u00f3n_de_contrataci\u00f3n_2023.docx\" target=\"_blank\" rel=\"noreferrer noopener\">WORD<\/a> \/ <a href=\"https:\/\/transparencia.cabocorrientes.gob.mx\/Archivos\/articulo8\/Informes_Procedimientos_de_selecci\u00f3n_de_contrataci\u00f3n_2023.pdf\" target=\"_blank\" rel=\"noreferrer noopener\">PDF<\/a>\u00a0<\/strong><br \/>Informes Procedimientos de Terminaci\u00f3n Laboral Enero-Agosto 2023 <strong><a href=\"https:\/\/transparencia.cabocorrientes.gob.mx\/Archivos\/articulo8\/Informes_Procedimientos_de_Terminaci\u00f3n_Laboral_2023.docx\" target=\"_blank\" rel=\"noreferrer noopener\">WORD<\/a>\u00a0\u00a0\/ <a href=\"https:\/\/transparencia.cabocorrientes.gob.mx\/Archivos\/articulo8\/Informes_Procedimientos_de_Terminaci\u00f3n_Laboral_2023.pdf\" target=\"_blank\" rel=\"noreferrer noopener\">PDF<\/a>\u00a0<\/strong><br \/>Informes sobre convocatorias de contrataci\u00f3n a concurso Enero-Agosto 2023 <strong><a href=\"https:\/\/transparencia.cabocorrientes.gob.mx\/Archivos\/articulo8\/Informes_sobre_convocatorias_de_contrataci\u00f3n_a_concurso_2023.docx\" target=\"_blank\" rel=\"noreferrer noopener\">WORD<\/a> \/\u00a0 <a href=\"https:\/\/transparencia.cabocorrientes.gob.mx\/Archivos\/articulo8\/Informes_sobre_convocatorias_de_contrataci\u00f3n_a_concurso_2023.pdf\" target=\"_blank\" rel=\"noreferrer noopener\">PDF<\/a><\/strong><br \/>Informes sobre convocatorias de contrataci\u00f3n a concurso Septiembre-Diciembre 2023 <strong><a href=\"https:\/\/transparencia.cabocorrientes.gob.mx\/Archivos\/articulo8\/Informes_sobre_convocatorias_de_contrataci\u00f3n_a_concurso_Septiembre-Diciembre_2023.pdf\" target=\"_blank\" rel=\"noreferrer noopener\" data-wplink-url-error=\"true\">PDF<\/a><\/strong><strong> \/ <a href=\"https:\/\/transparencia.cabocorrientes.gob.mx\/Archivos\/articulo8\/Informes_sobre_convocatorias_de_contrataci\u00f3n_a_concurso_Septiembre-Diciembre_2023.docx\" target=\"_blank\" rel=\"noreferrer noopener\" data-wplink-url-error=\"true\">WORD<\/a><\/strong><\/p>\n<p><strong>Convocatorias 2024<\/strong><\/p>\nInformes Procedimientos de selecci\u00f3n de contrataci\u00f3n Enero-septiembre 2024 <strong><a href=\"https:\/\/transparencia.cabocorrientes.gob.mx\/Archivos\/articulo8\/Informes_Procedimientos_de_selecci\u00f3n_de_contrataci\u00f3n_Enero-septiembre_2024.pdf\" target=\"_blank\" rel=\"noreferrer noopener\" data-wplink-url-error=\"true\">PDF<\/a><\/strong><strong> \/ <a href=\"https:\/\/transparencia.cabocorrientes.gob.mx\/Archivos\/articulo8\/Informes_Procedimientos_de_selecci\u00f3n_de_contrataci\u00f3n_Enero-septiembre_2024.docx\" target=\"_blank\" rel=\"noreferrer noopener\" data-wplink-url-error=\"true\">WORD<\/a><\/strong><br>\nInformes Procedimientos de Terminaci\u00f3n Laboral Enero-septiembre 2024 <strong><a href=\"https:\/\/transparencia.cabocorrientes.gob.mx\/Archivos\/articulo8\/Informes_Procedimientos_de_Terminaci\u00f3n_Laboral_Enero-septiembre_2024.pdf\" target=\"_blank\" rel=\"noreferrer noopener\" data-wplink-url-error=\"true\">PDF<\/a><\/strong><strong> \/ <a href=\"https:\/\/transparencia.cabocorrientes.gob.mx\/Archivos\/articulo8\/Informes_Procedimientos_de_Terminaci\u00f3n_Laboral_Enero-septiembre_2024.docx\" target=\"_blank\" rel=\"noreferrer noopener\" data-wplink-url-error=\"true\">WORD<\/a><\/strong><br>\nInformes sobre convocatorias de contrataci\u00f3n a concurso enero-septiembre 2024 <strong><a href=\"https:\/\/transparencia.cabocorrientes.gob.mx\/Archivos\/articulo8\/Informes_sobre_convocatorias_de_contrataci\u00f3n_a_concurso_enero-septiembre_2024.pdf\" target=\"_blank\" rel=\"noreferrer noopener\" data-wplink-url-error=\"true\">PDF<\/a><\/strong><strong> \/ <a href=\"https:\/\/transparencia.cabocorrientes.gob.mx\/Archivos\/articulo8\/Informes_sobre_convocatorias_de_contrataci\u00f3n_a_concurso_enero-septiembre_2024.docx\" target=\"_blank\" rel=\"noreferrer noopener\" data-wplink-url-error=\"true\">WORD<\/a><\/strong><br>\nConvocatoria para elecci\u00f3n del Secretario General, Hacienda Municipal y Contralor\u00eda Periodo 2024 &#8211; 2027 <strong><a href=\"https:\/\/transparencia.cabocorrientes.gob.mx\/Archivos\/articulo8\/CONVOCATORIA_eleccion_secretaria-hacienda-contraloria_24-27.pdf\" target=\"_blank\" rel=\"noreferrer noopener\" data-wplink-url-error=\"true\">PDF<\/a><\/strong><br>\nConvocatoria Juez Municipal 2 de octubre 2024 <strong><a href=\"https:\/\/transparencia.cabocorrientes.gob.mx\/Archivos\/articulo8\/Convocatoria_Juez_Municipal_2_de_octubre_2024.pdf\" target=\"_blank\" rel=\"noreferrer noopener\" data-wplink-url-error=\"true\">PDF<\/a><\/strong><br>\nConvocatoria Delegado Yelapa 24 de octubre 2024 <strong><a href=\"https:\/\/transparencia.cabocorrientes.gob.mx\/Archivos\/articulo8\/Convocatoria_delegado_yelapa_24_de_octubre_2024.pdf\" target=\"_blank\" rel=\"noreferrer noopener\" data-wplink-url-error=\"true\">PDF<\/a><\/strong><br>\nConvocatoria Delegado Juntas y Veranos  01 de Nov 2024 <strong><a href=\"https:\/\/transparencia.cabocorrientes.gob.mx\/Archivos\/articulo8\/Convocatoria_delegado_Juntas_y_Veranos__01_de_Nov_2024.pdf\" target=\"_blank\" rel=\"noreferrer noopener\" data-wplink-url-error=\"true\">PDF<\/a><\/strong><br>\nDictamen Juez Municipal 13 de nov 2024 <strong><a href=\"https:\/\/transparencia.cabocorrientes.gob.mx\/Archivos\/articulo8\/Dictamen_Juez_Municipal_13_de_nov_2024.pdf\" target=\"_blank\" rel=\"noreferrer noopener\" data-wplink-url-error=\"true\">PDF<\/a><\/strong><\/p>\n\n\n<div class=\"wp-block-buttons is-horizontal is-content-justification-center is-layout-flex wp-container-core-buttons-is-layout-499968f5 wp-block-buttons-is-layout-flex\"><\/div>\n\n\n\n<p><\/p>\n\n\n\n<div class=\"wp-block-columns is-layout-flex wp-container-core-columns-is-layout-9d6595d7 wp-block-columns-is-layout-flex\">\n<div class=\"wp-block-column is-layout-flow wp-block-column-is-layout-flow\"><\/div>\n<\/div>\n","protected":false},"excerpt":{"rendered":"<p>para ocupar cargos p\u00fablicos y los resultados de los mismos \u00abEl Ayuntamiento Constitucional de Cabo Corrientes, Jalisco, tiene registro que los procedimientos para la selecci\u00f3n, contrataci\u00f3n y despido de los funcionarios p\u00fablicos de base, de confianza y por honorarios, sigue la misma l\u00f3gica de contrataci\u00f3n estipulada en los oficios que a continuaci\u00f3n se publican\u00bb. Convocatoria &hellip; <\/p>\n<p class=\"link-more\"><a href=\"https:\/\/transparencia.cabocorrientes.gob.mx\/?page_id=1941\" class=\"more-link\">Continue reading<span class=\"screen-reader-text\"> \u00abLas convocatorias a concursos\u00bb<\/span><\/a><\/p>\n","protected":false},"author":1,"featured_media":0,"parent":0,"menu_order":0,"comment_status":"closed","ping_status":"closed","template":"","meta":{"_coblocks_attr":"","_coblocks_dimensions":"","_coblocks_responsive_height":"","_coblocks_accordion_ie_support":"","_regular_price":[],"currency_symbol":[],"footnotes":""},"class_list":["post-1941","page","type-page","status-publish","hentry"],"post_slider_layout_featured_media_urls":{"thumbnail":"","post_slider_layout_landscape_large":"","post_slider_layout_portrait_large":"","post_slider_layout_square_large":"","post_slider_layout_landscape":"","post_slider_layout_portrait":"","post_slider_layout_square":"","full":""},"_links":{"self":[{"href":"https:\/\/transparencia.cabocorrientes.gob.mx\/index.php?rest_route=\/wp\/v2\/pages\/1941","targetHints":{"allow":["GET"]}}],"collection":[{"href":"https:\/\/transparencia.cabocorrientes.gob.mx\/index.php?rest_route=\/wp\/v2\/pages"}],"about":[{"href":"https:\/\/transparencia.cabocorrientes.gob.mx\/index.php?rest_route=\/wp\/v2\/types\/page"}],"author":[{"embeddable":true,"href":"https:\/\/transparencia.cabocorrientes.gob.mx\/index.php?rest_route=\/wp\/v2\/users\/1"}],"replies":[{"embeddable":true,"href":"https:\/\/transparencia.cabocorrientes.gob.mx\/index.php?rest_route=%2Fwp%2Fv2%2Fcomments&post=1941"}],"version-history":[{"count":68,"href":"https:\/\/transparencia.cabocorrientes.gob.mx\/index.php?rest_route=\/wp\/v2\/pages\/1941\/revisions"}],"predecessor-version":[{"id":13987,"href":"https:\/\/transparencia.cabocorrientes.gob.mx\/index.php?rest_route=\/wp\/v2\/pages\/1941\/revisions\/13987"}],"wp:attachment":[{"href":"https:\/\/transparencia.cabocorrientes.gob.mx\/index.php?rest_route=%2Fwp%2Fv2%2Fmedia&parent=1941"}],"curies":[{"name":"wp","href":"https:\/\/api.w.org\/{rel}","templated":true}]}}