{"id":1642,"date":"2022-03-30T17:38:44","date_gmt":"2022-03-30T17:38:44","guid":{"rendered":"https:\/\/transparencia.cabocorrientes.gob.mx\/?page_id=1642"},"modified":"2025-05-17T05:17:03","modified_gmt":"2025-05-17T05:17:03","slug":"los-protocolos","status":"publish","type":"page","link":"https:\/\/transparencia.cabocorrientes.gob.mx\/?page_id=1642","title":{"rendered":"Los protocolos"},"content":{"rendered":"Editar la p\u00e1gina\nIcono del sitio\n\n\n\n\nTemplates\n\nLos protocolos\n\u00b7 P\u00e1gina\n\u2318K\nFinish Setup\nPreview\n\n\n\nGuardar\n\nEditando el c\u00f3digo\nSalir del editor de c\u00f3digo\nEscribe un t\u00edtulo\nLos protocolos\nEscribe el texto o el HTML\n\n<div class=\"wp-block-columns is-layout-flex wp-container-core-columns-is-layout-9d6595d7 wp-block-columns-is-layout-flex\">\n<div class=\"wp-block-column is-layout-flow wp-block-column-is-layout-flow\"><\/div>\n<\/div>\n\n\n<p>Protocolo de seguridad p\u00fablica <strong><a href=\"https:\/\/transparencia.cabocorrientes.gob.mx\/Archivos\/articulo8\/Protocolo_de_Seguridad_Publica.pdf\" target=\"_blank\" rel=\"noreferrer noopener\" data-type=\"URL\" data-id=\"https:\/\/transparencia.cabocorrientes.gob.mx\/Archivos\/articulo8\/Protocolo_de_Seguridad_Publica.pdf\">PDF<\/a><\/strong> \/ <strong><a href=\"https:\/\/transparencia.cabocorrientes.gob.mx\/Archivos\/articulo8\/Protocolo_de_Seguridad_Publica.docx\" target=\"_blank\" rel=\"noreferrer noopener\" data-type=\"URL\" data-id=\"https:\/\/transparencia.cabocorrientes.gob.mx\/Archivos\/articulo8\/Protocolo_de_Seguridad_Publica.docx\">WORD<\/a><\/strong><br \/>Protocolo para diferentes eventos de la vida institucional <strong><a href=\"https:\/\/transparencia.cabocorrientes.gob.mx\/Archivos\/articulo8\/Protocolos-para-diferentes-eventos-de-la-vida-institucional.docx\" target=\"_blank\" rel=\"noreferrer noopener\" data-type=\"URL\" data-id=\"https:\/\/transparencia.cabocorrientes.gob.mx\/Archivos\/articulo8\/Protocolos-para-diferentes-eventos-de-la-vida-institucional.docx\">WORD<\/a><\/strong><br \/>Protocolo de respuesta ante fen\u00f3menos Naturales y Antropog\u00e9nicos <strong><a href=\"https:\/\/transparencia.cabocorrientes.gob.mx\/Archivos\/articulo8\/Protocolo_de_respuesta_ante_fen\u00f3menos_Naturales_y_Antropog\u00e9nicos.pdf\" target=\"_blank\" rel=\"noreferrer noopener\" data-type=\"URL\" data-id=\"https:\/\/transparencia.cabocorrientes.gob.mx\/Archivos\/articulo8\/Protocolo_de_respuesta_ante_fen\u00f3menos_Naturales_y_Antropog\u00e9nicos.pdf\">PDF<\/a><\/strong><br \/>Protocolo en caso de sismo <strong><a href=\"https:\/\/transparencia.cabocorrientes.gob.mx\/Archivos\/articulo8\/Protocolo_en_caso_de_sismo.pdf\" target=\"_blank\" rel=\"noreferrer noopener\" data-type=\"URL\" data-id=\"https:\/\/transparencia.cabocorrientes.gob.mx\/Archivos\/articulo8\/Protocolo_en_caso_de_sismo.pdf\">PDF<\/a><\/strong><br \/>Protocolo de respuesta ante fen\u00f3menos Perturbadores Naturales y Antropog\u00e9nicos <strong><a href=\"https:\/\/transparencia.cabocorrientes.gob.mx\/Archivos\/articulo8\/Protocolo_de_respuesta_ante_fen\u00f3menos_Perturbadores_Naturales_y_Antropog\u00e9nicos2020.pdf\" target=\"_blank\" rel=\"noreferrer noopener\" data-type=\"URL\" data-id=\"https:\/\/transparencia.cabocorrientes.gob.mx\/Archivos\/articulo8\/Protocolo_de_respuesta_ante_fen\u00f3menos_Perturbadores_Naturales_y_Antropog\u00e9nicos2020.pdf\">PDF<\/a><\/strong> \/ <strong><a href=\"https:\/\/transparencia.cabocorrientes.gob.mx\/Archivos\/articulo8\/Protocolo_de_respuesta_ante_fen\u00f3menos_Perturbadores_Naturales_y_Antropog\u00e9nicos2020.docx\" target=\"_blank\" rel=\"noreferrer noopener\" data-type=\"URL\" data-id=\"https:\/\/transparencia.cabocorrientes.gob.mx\/Archivos\/articulo8\/Protocolo_de_respuesta_ante_fen\u00f3menos_Perturbadores_Naturales_y_Antropog\u00e9nicos2020.docx\">WORD<\/a><\/strong><br \/>Protocolo en caso de sismo 2020 <strong><a href=\"https:\/\/transparencia.cabocorrientes.gob.mx\/Archivos\/articulo8\/Protocolo_en_caso_de_sismo2020.pdf\" target=\"_blank\" rel=\"noreferrer noopener\" data-type=\"URL\" data-id=\"https:\/\/transparencia.cabocorrientes.gob.mx\/Archivos\/articulo8\/Protocolo_en_caso_de_sismo2020.pdf\">PDF<\/a><br \/><\/strong>Protocolo Interno de Prevenci\u00f3n y Sanci\u00f3n del Hostigamiento y Acoso Sexual del Gobierno Municipal de Cabo Corrientes <strong><a href=\"https:\/\/transparencia.cabocorrientes.gob.mx\/Archivos\/articulo8\/Protocolo_Interno_de_Prevenci\u00f3n_y_Sanci\u00f3n_del_Hostigamiento_y_Acoso_Sexual_del_Gobierno_Municipal_de_Cabo_Corrientes.pdf\" target=\"_blank\" rel=\"noreferrer noopener\">PDF<\/a><\/strong><\/p>\n\n\n<div class=\"wp-block-buttons is-horizontal is-content-justification-center is-layout-flex wp-container-core-buttons-is-layout-499968f5 wp-block-buttons-is-layout-flex\"><\/div>\n\n\n\n<p><\/p>\n\nAbrir el panel para guardar\n\nPreguntar a la IA\nx\nAvisosHay un guardado autom\u00e1tico de esta entrada que es m\u00e1s reciente que la versi\u00f3n de abajo.","protected":false},"excerpt":{"rendered":"<p>Editar la p\u00e1gina Icono del sitio Templates Los protocolos \u00b7 P\u00e1gina \u2318K Finish Setup Preview Guardar Editando el c\u00f3digo Salir del editor de c\u00f3digo Escribe un t\u00edtulo Los protocolos Escribe el texto o el HTML Protocolo de seguridad p\u00fablica PDF \/ WORDProtocolo para diferentes eventos de la vida institucional WORDProtocolo de respuesta ante fen\u00f3menos Naturales &hellip; <\/p>\n<p class=\"link-more\"><a href=\"https:\/\/transparencia.cabocorrientes.gob.mx\/?page_id=1642\" class=\"more-link\">Continue reading<span class=\"screen-reader-text\"> \u00abLos protocolos\u00bb<\/span><\/a><\/p>\n","protected":false},"author":1,"featured_media":0,"parent":0,"menu_order":0,"comment_status":"closed","ping_status":"closed","template":"","meta":{"_coblocks_attr":"","_coblocks_dimensions":"","_coblocks_responsive_height":"","_coblocks_accordion_ie_support":"","_regular_price":[],"currency_symbol":[],"footnotes":""},"class_list":["post-1642","page","type-page","status-publish","hentry"],"post_slider_layout_featured_media_urls":{"thumbnail":"","post_slider_layout_landscape_large":"","post_slider_layout_portrait_large":"","post_slider_layout_square_large":"","post_slider_layout_landscape":"","post_slider_layout_portrait":"","post_slider_layout_square":"","full":""},"_links":{"self":[{"href":"https:\/\/transparencia.cabocorrientes.gob.mx\/index.php?rest_route=\/wp\/v2\/pages\/1642","targetHints":{"allow":["GET"]}}],"collection":[{"href":"https:\/\/transparencia.cabocorrientes.gob.mx\/index.php?rest_route=\/wp\/v2\/pages"}],"about":[{"href":"https:\/\/transparencia.cabocorrientes.gob.mx\/index.php?rest_route=\/wp\/v2\/types\/page"}],"author":[{"embeddable":true,"href":"https:\/\/transparencia.cabocorrientes.gob.mx\/index.php?rest_route=\/wp\/v2\/users\/1"}],"replies":[{"embeddable":true,"href":"https:\/\/transparencia.cabocorrientes.gob.mx\/index.php?rest_route=%2Fwp%2Fv2%2Fcomments&post=1642"}],"version-history":[{"count":14,"href":"https:\/\/transparencia.cabocorrientes.gob.mx\/index.php?rest_route=\/wp\/v2\/pages\/1642\/revisions"}],"predecessor-version":[{"id":13961,"href":"https:\/\/transparencia.cabocorrientes.gob.mx\/index.php?rest_route=\/wp\/v2\/pages\/1642\/revisions\/13961"}],"wp:attachment":[{"href":"https:\/\/transparencia.cabocorrientes.gob.mx\/index.php?rest_route=%2Fwp%2Fv2%2Fmedia&parent=1642"}],"curies":[{"name":"wp","href":"https:\/\/api.w.org\/{rel}","templated":true}]}}