{"id":12541,"date":"2024-05-15T20:41:27","date_gmt":"2024-05-15T20:41:27","guid":{"rendered":"https:\/\/transparencia.cabocorrientes.gob.mx\/?page_id=12541"},"modified":"2025-05-21T18:37:16","modified_gmt":"2025-05-21T18:37:16","slug":"sesiones-de-cabildo-2024","status":"publish","type":"page","link":"https:\/\/transparencia.cabocorrientes.gob.mx\/?page_id=12541","title":{"rendered":"Sesiones de Cabildo 2024"},"content":{"rendered":"\n<h6 class=\"wp-block-heading\"><strong>ENERO<\/strong><\/h6>\n\n\n<p>Acta sesion ordinaria 31 de Enero 2024 <strong><a href=\"https:\/\/transparencia.cabocorrientes.gob.mx\/Archivos\/articulo8\/ACTA_SESION_ORDINARIA_31_ENERO_2024.pdf\" target=\"_blank\" rel=\"noreferrer noopener\">PDF<\/a> \/  <a href=\"https:\/\/transparencia.cabocorrientes.gob.mx\/Archivos\/articulo8\/ACTA_VERSI\u00d3N_ESTENOGRAFICA_SESI\u00d3N_ORDINARIA_31_ENERO_2024.docx\" target=\"_blank\" rel=\"noreferrer noopener\" data-wplink-url-error=\"true\">WORD<\/a><\/strong> Orden del d\u00eda <strong><a href=\"https:\/\/transparencia.cabocorrientes.gob.mx\/Archivos\/articulo8\/ORDEN_DEL_DIA_31_DE_ENERO_2024.docx\" target=\"_blank\" rel=\"noreferrer noopener\" data-wplink-url-error=\"true\">WORD<\/a><\/strong>\n<\/p>\n\n\n<h6 class=\"wp-block-heading\"><strong>FEBRERO<\/strong><\/h6>\n\n\n<p>Acta sesion ordinaria 22 de Febrero 2024 <strong><a href=\"https:\/\/transparencia.cabocorrientes.gob.mx\/Archivos\/articulo8\/ACTA_SESI\u00d3N_ORDINARIA_22_FEBRERO_2024.pdf\" target=\"_blank\" rel=\"noreferrer noopener\">PDF<\/a> \/  <a href=\"https:\/\/transparencia.cabocorrientes.gob.mx\/Archivos\/articulo8\/ACTA_SESI\u00d3N_ORDINARIA_22_FEBRERO_2024.docx\" target=\"_blank\" rel=\"noreferrer noopener\" data-wplink-url-error=\"true\">WORD<\/a><\/strong> Orden del d\u00eda <strong><a href=\"https:\/\/transparencia.cabocorrientes.gob.mx\/Archivos\/articulo8\/ORDEN_DEL_DIA_SESI\u00d3N_ORDINARIA_22_FEBRERO_2024.docx\" target=\"_blank\" rel=\"noreferrer noopener\" data-wplink-url-error=\"true\">WORD<\/a><\/strong>\n<br>Acta sesion ordinaria 27 de Febrero 2024 <strong><a href=\"https:\/\/transparencia.cabocorrientes.gob.mx\/Archivos\/articulo8\/ACTA_SESI\u00d3N_ORDINARIA__27_FEB_2024.pdf\" target=\"_blank\" rel=\"noreferrer noopener\">PDF<\/a> \/  <a href=\"https:\/\/transparencia.cabocorrientes.gob.mx\/Archivos\/articulo8\/ACTA_VERSI\u00d3N_ESTENOGRAFICA_SESI\u00d3N_ORDINARIA__27_FEB_2024.docx\" target=\"_blank\" rel=\"noreferrer noopener\" data-wplink-url-error=\"true\">WORD<\/a><\/strong> Orden del d\u00eda <strong><a href=\"https:\/\/transparencia.cabocorrientes.gob.mx\/Archivos\/articulo8\/ORDEN_DEL_DIA_SESI\u00d3N_27_FEBRERO_DEL_2024.docx\" target=\"_blank\" rel=\"noreferrer noopener\" data-wplink-url-error=\"true\">WORD<\/a><\/strong>\n<\/p>\n\n\n<h6 class=\"wp-block-heading\"><strong>MARZO<\/strong><\/h6>\n\n\n<p>Acta sesion ordinaria 07 de Marzo 2024 <strong><a href=\"https:\/\/transparencia.cabocorrientes.gob.mx\/Archivos\/articulo8\/ACTA_SESI\u00d3N_EXTRAORDINARIA_07_MARZO_2024.pdf\" target=\"_blank\" rel=\"noreferrer noopener\">PDF<\/a> \/  <a href=\"https:\/\/transparencia.cabocorrientes.gob.mx\/Archivos\/articulo8\/ACTA_VERSI\u00d3N_ESTENOGR\u00c1FICA_SESI\u00d3N_EXTRAORDINARIA_07_MARZO_2024.docx\" target=\"_blank\" rel=\"noreferrer noopener\" data-wplink-url-error=\"true\">WORD<\/a><\/strong> Orden del d\u00eda <strong><a href=\"https:\/\/transparencia.cabocorrientes.gob.mx\/Archivos\/articulo8\/ORDEN_DEL_DIA_SESI\u00d3N_EXTRAORDINARIA__07_MARZO_2024.docx\" target=\"_blank\" rel=\"noreferrer noopener\" data-wplink-url-error=\"true\">WORD<\/a><\/strong>\n<br>Acta sesion ordinaria 13 de Marzo 2024 <strong><a href=\"https:\/\/transparencia.cabocorrientes.gob.mx\/Archivos\/articulo8\/ACTA_SESI\u00d3N_ORDINARIA_13_MARZO_2024.pdf\" target=\"_blank\" rel=\"noreferrer noopener\">PDF<\/a> \/  <a href=\"https:\/\/transparencia.cabocorrientes.gob.mx\/Archivos\/articulo8\/ACTA_VERSI\u00d3N_ESTENOGRAFICA_SESI\u00d3N_ORDINARIA_13_MARZO_2024.docx\" target=\"_blank\" rel=\"noreferrer noopener\" data-wplink-url-error=\"true\">WORD<\/a><\/strong> Orden del d\u00eda <strong><a href=\"https:\/\/transparencia.cabocorrientes.gob.mx\/Archivos\/articulo8\/ORDEN_DEL_DIA_SESI\u00d3N_ORDINARIA_13_MARZO_2024.docx\" target=\"_blank\" rel=\"noreferrer noopener\" data-wplink-url-error=\"true\">WORD<\/a><\/strong>\n<br>Acta sesion ordinaria 22 de Marzo 2024 <strong><a href=\"https:\/\/transparencia.cabocorrientes.gob.mx\/Archivos\/articulo8\/ACTA_SESI\u00d3N_ORDINARIA_22_MARZO_2024.pdf\" target=\"_blank\" rel=\"noreferrer noopener\">PDF<\/a> \/  <a href=\"https:\/\/transparencia.cabocorrientes.gob.mx\/Archivos\/articulo8\/ACTA_VERSI\u00d3N_ESTENOGR\u00c1FICA_SESI\u00d3N_ORDINARIA_22_MARZO_2024.docx\" target=\"_blank\" rel=\"noreferrer noopener\" data-wplink-url-error=\"true\">WORD<\/a><\/strong> Orden del d\u00eda <strong><a href=\"https:\/\/transparencia.cabocorrientes.gob.mx\/Archivos\/articulo8\/ORDEN_DEL_DIA_SESI\u00d3N_ORDINARIA_22_MARZO_2024.docx\" target=\"_blank\" rel=\"noreferrer noopener\" data-wplink-url-error=\"true\">WORD<\/a><\/strong>\n<\/p>\n\n<h6 class=\"wp-block-heading\"><strong>ABRIL<\/strong><\/h6>\n\n\n<p>Acta sesion Solemne 01 de Abril 2024 <strong><a href=\"https:\/\/transparencia.cabocorrientes.gob.mx\/Archivos\/articulo8\/ACTA_SESION_SOLEMNE_01_ABRIL_DEL_2024.pdf\" target=\"_blank\" rel=\"noreferrer noopener\">PDF<\/a> \/  <a href=\"https:\/\/transparencia.cabocorrientes.gob.mx\/Archivos\/articulo8\/ACTA_VERSI\u00d3N_ESTENOGRAFICA_SESION_SOLEMNE_01_ABRIL_DEL_2024.docx\" target=\"_blank\" rel=\"noreferrer noopener\" data-wplink-url-error=\"true\">WORD<\/a><\/strong> Orden del d\u00eda <strong><a href=\"https:\/\/transparencia.cabocorrientes.gob.mx\/Archivos\/articulo8\/ORDEN_DEL_DIA_SESION_SOLEMNE_01_ABRIL_DEL_2024.docx\" target=\"_blank\" rel=\"noreferrer noopener\" data-wplink-url-error=\"true\">WORD<\/a><\/strong>\n<br>Acta sesion ordinaria 22 de Abril 2024 <strong><a href=\"https:\/\/transparencia.cabocorrientes.gob.mx\/Archivos\/articulo8\/SESION_22_ABRIL_24.docx\" target=\"_blank\" rel=\"noreferrer noopener\" data-wplink-url-error=\"true\">WORD<\/a><\/strong> Orden del d\u00eda <strong><a href=\"https:\/\/transparencia.cabocorrientes.gob.mx\/Archivos\/articulo8\/ORDEN_DEL_DIA_22_ABRIL_2024.docx\" target=\"_blank\" rel=\"noreferrer noopener\" data-wplink-url-error=\"true\">WORD<\/a><\/strong>\n<\/p>\n\n<h6 class=\"wp-block-heading\"><strong>JUNIO<\/strong><\/h6>\n\n\nActa sesi\u00f3n extraordinaria 14 de Junio 2024 <strong><a href=\"https:\/\/transparencia.cabocorrientes.gob.mx\/Archivos\/articulo8\/Acta_sesion_ordinaria_14_junio_2024.pdf\" target=\"_blank\" rel=\"noreferrer noopener\">PDF<\/a><\/strong> \/ <strong> <a href=\"https:\/\/transparencia.cabocorrientes.gob.mx\/Archivos\/articulo8\/Acta_sesion_ordinaria_14_junio_2024.docx\" target=\"_blank\" rel=\"noreferrer noopener\" data-wplink-url-error=\"true\">WORD<\/a><\/strong> Orden del d\u00eda <strong><a href=\"https:\/\/transparencia.cabocorrientes.gob.mx\/Archivos\/articulo8\/Orden_del_d\u00eda_sesion_ordinaria_14_junio_2024.docx\" target=\"_blank\" rel=\"noreferrer noopener\" data-wplink-url-error=\"true\">WORD<\/a><\/strong>\n<br>\nActa segunda sesi\u00f3n extraordinaria 14 de Junio 2024 <strong><a href=\"https:\/\/transparencia.cabocorrientes.gob.mx\/Archivos\/articulo8\/segunda_sesi\u00f3n_ordinaria_14_junio_2024.pdf\" target=\"_blank\" rel=\"noreferrer noopener\">PDF<\/a><\/strong> \/ <strong> <a href=\"https:\/\/transparencia.cabocorrientes.gob.mx\/Archivos\/articulo8\/Acta_segunda_sesi\u00f3n_ordinaria_14_junio_2024.docx\" target=\"_blank\" rel=\"noreferrer noopener\" data-wplink-url-error=\"true\">WORD<\/a><\/strong> Orden del d\u00eda <strong><a href=\"https:\/\/transparencia.cabocorrientes.gob.mx\/Archivos\/articulo8\/Orden_del_d\u00eda_segunda_sesi\u00f3n_ordinaria_14_junio_2024.docx\" target=\"_blank\" rel=\"noreferrer noopener\" data-wplink-url-error=\"true\">WORD<\/a><\/strong>\n<\/p>\n\n<h6 class=\"wp-block-heading\"><strong>JULIO<\/strong><\/h6>\n\nActa sesion ordinaria 03 julio 2024 <strong><a href=\"https:\/\/transparencia.cabocorrientes.gob.mx\/Archivos\/articulo8\/Acta_sesion_ordinaria_03_julio_2024.pdf\" target=\"_blank\" rel=\"noreferrer noopener\">PDF<\/a><\/strong> \/ <strong> <a href=\"https:\/\/transparencia.cabocorrientes.gob.mx\/Archivos\/articulo8\/Acta_sesion_ordinaria_03_julio_2024.docx\" target=\"_blank\" rel=\"noreferrer noopener\" data-wplink-url-error=\"true\">WORD<\/a><\/strong> Orden del d\u00eda <strong><a href=\"https:\/\/transparencia.cabocorrientes.gob.mx\/Archivos\/articulo8\/Orden_del_d\u00eda_sesion_ordinaria_03_julio_2024.docx\" target=\"_blank\" rel=\"noreferrer noopener\" data-wplink-url-error=\"true\">WORD<\/a><\/strong>\n<\/p>\n\n<h6 class=\"wp-block-heading\"><strong>AGOSTO<\/strong><\/h6>\n\nActa sesion ordinaria 28 de Agosto 2024 <strong><a href=\"https:\/\/transparencia.cabocorrientes.gob.mx\/Archivos\/articulo8\/Acta_sesion_ordinaria_28_de_agosto_2024.pdf\" target=\"_blank\" rel=\"noreferrer noopener\">PDF<\/a><\/strong> \/ <strong> <a href=\"https:\/\/transparencia.cabocorrientes.gob.mx\/Archivos\/articulo8\/Acta_sesion_ordinaria_28_de_agosto_2024.docx\" target=\"_blank\" rel=\"noreferrer noopener\" data-wplink-url-error=\"true\">WORD<\/a><\/strong> Orden del d\u00eda <strong><a href=\"https:\/\/transparencia.cabocorrientes.gob.mx\/Archivos\/articulo8\/Orden_del_d\u00eda_sesion_ordinaria_28_de_agosto_2024.docx\" target=\"_blank\" rel=\"noreferrer noopener\" data-wplink-url-error=\"true\">WORD<\/a><\/strong>\n<\/p>\n\n<h6 class=\"wp-block-heading\"><strong>ASISTENCIA<\/strong><\/h6>\n\n<p>Asistencia Enero &#8211; Abril 2024 <strong><a href=\"https:\/\/transparencia.cabocorrientes.gob.mx\/Archivos\/articulo8\/ASISTENCIA_ENERO-ABRIL_2024.docx\" target=\"_blank\" rel=\"noreferrer noopener\">WORD<\/a><\/strong><br>\nAsistencia Mayo-septiembre  2024 <strong><a href=\"https:\/\/transparencia.cabocorrientes.gob.mx\/Archivos\/articulo8\/Asistencia_Mayo-septiembre__2024.docx\" target=\"_blank\" rel=\"noreferrer noopener\">WORD<\/a><\/strong><\/p>\n\n\n<h6 class=\"wp-block-heading\"><strong>Octubre<\/strong><\/h6>\n\nActa Sesi\u00f3n Ordinaria Octubre 2024 <strong><a href=\"https:\/\/transparencia.cabocorrientes.gob.mx\/Archivos\/articulo8\/Sesi\u00f3n_Ordinaria_Octubre_2024.pdf\" target=\"_blank\" rel=\"noreferrer noopener\">PDF<\/a><\/strong><br>\nActa Sesi\u00f3n Ordinaria 15 de Octubre 2024 <strong><a href=\"https:\/\/transparencia.cabocorrientes.gob.mx\/Archivos\/articulo8\/Sesi\u00f3n_Ordinaria_Octubre_15_2024.pdf\" target=\"_blank\" rel=\"noreferrer noopener\">PDF<\/a><\/strong><\/p>\n\n<h6 class=\"wp-block-heading\"><strong>Noviembre<\/strong><\/h6>\n\nActa Sesi\u00f3n Ordinaria Noviembre 2024 <strong><a href=\"https:\/\/transparencia.cabocorrientes.gob.mx\/Archivos\/articulo8\/Sesi\u00f3n_Ordinaria_Noviembre_2024.pdf\" target=\"_blank\" rel=\"noreferrer noopener\">PDF<\/a><\/strong><br>\nActa Sesi\u00f3n Extraordinaria Noviembre 2024 <strong><a href=\"https:\/\/transparencia.cabocorrientes.gob.mx\/Archivos\/articulo8\/Sesi\u00f3n_Extraordinaria_Noviembre_2024.pdf\" target=\"_blank\" rel=\"noreferrer noopener\">PDF<\/a><\/strong><\/p>\n\n\n<div class=\"wp-block-buttons is-horizontal is-content-justification-center is-layout-flex wp-container-core-buttons-is-layout-499968f5 wp-block-buttons-is-layout-flex\"><\/div>\n\n\n\n<p><\/p>\n","protected":false},"excerpt":{"rendered":"<p>ENERO Acta sesion ordinaria 31 de Enero 2024 PDF \/ WORD Orden del d\u00eda WORD FEBRERO Acta sesion ordinaria 22 de Febrero 2024 PDF \/ WORD Orden del d\u00eda WORD Acta sesion ordinaria 27 de Febrero 2024 PDF \/ WORD Orden del d\u00eda WORD MARZO Acta sesion ordinaria 07 de Marzo 2024 PDF \/ WORD &hellip; <\/p>\n<p class=\"link-more\"><a href=\"https:\/\/transparencia.cabocorrientes.gob.mx\/?page_id=12541\" class=\"more-link\">Continue reading<span class=\"screen-reader-text\"> \u00abSesiones de Cabildo 2024\u00bb<\/span><\/a><\/p>\n","protected":false},"author":1,"featured_media":0,"parent":0,"menu_order":0,"comment_status":"closed","ping_status":"closed","template":"","meta":{"_coblocks_attr":"","_coblocks_dimensions":"","_coblocks_responsive_height":"","_coblocks_accordion_ie_support":"","_regular_price":[],"currency_symbol":[],"footnotes":""},"class_list":["post-12541","page","type-page","status-publish","hentry"],"post_slider_layout_featured_media_urls":{"thumbnail":"","post_slider_layout_landscape_large":"","post_slider_layout_portrait_large":"","post_slider_layout_square_large":"","post_slider_layout_landscape":"","post_slider_layout_portrait":"","post_slider_layout_square":"","full":""},"_links":{"self":[{"href":"https:\/\/transparencia.cabocorrientes.gob.mx\/index.php?rest_route=\/wp\/v2\/pages\/12541","targetHints":{"allow":["GET"]}}],"collection":[{"href":"https:\/\/transparencia.cabocorrientes.gob.mx\/index.php?rest_route=\/wp\/v2\/pages"}],"about":[{"href":"https:\/\/transparencia.cabocorrientes.gob.mx\/index.php?rest_route=\/wp\/v2\/types\/page"}],"author":[{"embeddable":true,"href":"https:\/\/transparencia.cabocorrientes.gob.mx\/index.php?rest_route=\/wp\/v2\/users\/1"}],"replies":[{"embeddable":true,"href":"https:\/\/transparencia.cabocorrientes.gob.mx\/index.php?rest_route=%2Fwp%2Fv2%2Fcomments&post=12541"}],"version-history":[{"count":22,"href":"https:\/\/transparencia.cabocorrientes.gob.mx\/index.php?rest_route=\/wp\/v2\/pages\/12541\/revisions"}],"predecessor-version":[{"id":14123,"href":"https:\/\/transparencia.cabocorrientes.gob.mx\/index.php?rest_route=\/wp\/v2\/pages\/12541\/revisions\/14123"}],"wp:attachment":[{"href":"https:\/\/transparencia.cabocorrientes.gob.mx\/index.php?rest_route=%2Fwp%2Fv2%2Fmedia&parent=12541"}],"curies":[{"name":"wp","href":"https:\/\/api.w.org\/{rel}","templated":true}]}}